{"id":5295,"date":"2025-05-14T16:50:14","date_gmt":"2025-05-14T21:50:14","guid":{"rendered":"https:\/\/www.surtistereo.com\/?post_type=product&#038;p=5295"},"modified":"2025-07-26T16:04:13","modified_gmt":"2025-07-26T21:04:13","slug":"studiolive-ar16c-mezcladora-ar16c-hibrida-studiolive-de-18-canales-presonus","status":"publish","type":"product","link":"https:\/\/www.surtistereo.com\/?product=studiolive-ar16c-mezcladora-ar16c-hibrida-studiolive-de-18-canales-presonus","title":{"rendered":"STUDIOLIVE-AR16C &#8211; MEZCLADORA AR16C HIBRIDA STUDIOLIVE  DE 18 CANALES PRESONUS"},"content":{"rendered":"<ul>\n<li>Interfaz de grabaci\u00f3n de audio 18&#215;4 a 24-bit\/96 kHz, USB 2.0 (sobre conexi\u00f3n USB- C) \u2013 grabe todos los canales m\u00e1s la mezcla principal.<\/li>\n<li>Grabadora SD 2&#215;2 para capturar la mezcla principal. Admite formatos SD\u2122 y SDHD\u2122 de hasta 32 GB<\/li>\n<li>Mezclador anal\u00f3gico de 18 canales con 12 previos de micro XMAX, 2 inserciones, 2 entradas de instrumento\/l\u00ednea y 16 entradas de nivel de l\u00ednea balanceadas<\/li>\n<li>Supercanal est\u00e9reo (canal 17\/18) con entrada Bluetooth 5.0, entradas RCA, entrada est\u00e9reo de 1\/8 de pulgada y reproducci\u00f3n est\u00e9reo SD\/USB conmutable<\/li>\n<li>4 canales mono y 4 est\u00e9reo, cada uno con knob de nivel, panorama, mute, PFL solo, filtro paso-alto y ecualizador semiparam\u00e9trico de 3 bandas<\/li>\n<li>2 buses de monitorizaci\u00f3n con env\u00edo de canal dedicado, AFL solo y salida TRS balanceada<\/li>\n<li>Filtro paso-alto en cada canal, ecualizador cuasiparam\u00e9trico de 3 bandas con banda media de barrido en cada canal mono, ecualizador semiparam\u00e9trico de 3 bandas en cada canal est\u00e9reo<\/li>\n<li>Procesador de efectos est\u00e9reo con 16 presets, env\u00edo y retorno dedicados, y toma de conmutador de pedal de bypass<\/li>\n<li>Reforzador de micr\u00f3fono\/l\u00ednea en los canales est\u00e9reo para fuentes de entrada de bajo nivel y dispositivos de consumo<\/li>\n<li>Incluye el software de grabaci\u00f3n multipista en directo Capture\u00ae, el software de grabaci\u00f3n y producci\u00f3n (DAW) Studio One\u00ae Artist y Studio Magic Software Suite<\/li>\n<li>Juego de montaje en rack incluido<\/li>\n<\/ul>\n","protected":false},"excerpt":{"rendered":"<p>Interfaz de grabaci\u00f3n de audio 18&#215;4 a 24-bit\/96 kHz, USB 2.0 (sobre conexi\u00f3n USB- C) \u2013 grabe todos los canales m\u00e1s la mezcla principal. Grabadora SD 2&#215;2 para capturar la mezcla principal. Admite formatos SD\u2122 y SDHD\u2122 de hasta 32 GB Mezclador anal\u00f3gico de 18 canales con 12 previos de micro XMAX, 2 inserciones, 2 [&hellip;]<\/p>\n","protected":false},"featured_media":5296,"comment_status":"open","ping_status":"closed","template":"","meta":{"site-sidebar-layout":"default","site-content-layout":"","ast-site-content-layout":"default","site-content-style":"default","site-sidebar-style":"default","ast-global-header-display":"","ast-banner-title-visibility":"","ast-main-header-display":"","ast-hfb-above-header-display":"","ast-hfb-below-header-display":"","ast-hfb-mobile-header-display":"","site-post-title":"","ast-breadcrumbs-content":"","ast-featured-img":"","footer-sml-layout":"","ast-disable-related-posts":"","theme-transparent-header-meta":"default","adv-header-id-meta":"","stick-header-meta":"","header-above-stick-meta":"","header-main-stick-meta":"","header-below-stick-meta":"","astra-migrate-meta-layouts":"set","ast-page-background-enabled":"default","ast-page-background-meta":{"desktop":{"background-color":"","background-image":"","background-repeat":"repeat","background-position":"center center","background-size":"auto","background-attachment":"scroll","background-type":"","background-media":"","overlay-type":"","overlay-color":"","overlay-opacity":"","overlay-gradient":""},"tablet":{"background-color":"","background-image":"","background-repeat":"repeat","background-position":"center center","background-size":"auto","background-attachment":"scroll","background-type":"","background-media":"","overlay-type":"","overlay-color":"","overlay-opacity":"","overlay-gradient":""},"mobile":{"background-color":"","background-image":"","background-repeat":"repeat","background-position":"center center","background-size":"auto","background-attachment":"scroll","background-type":"","background-media":"","overlay-type":"","overlay-color":"","overlay-opacity":"","overlay-gradient":""}},"ast-content-background-meta":{"desktop":{"background-color":"var(--ast-global-color-5)","background-image":"","background-repeat":"repeat","background-position":"center center","background-size":"auto","background-attachment":"scroll","background-type":"","background-media":"","overlay-type":"","overlay-color":"","overlay-opacity":"","overlay-gradient":""},"tablet":{"background-color":"var(--ast-global-color-5)","background-image":"","background-repeat":"repeat","background-position":"center center","background-size":"auto","background-attachment":"scroll","background-type":"","background-media":"","overlay-type":"","overlay-color":"","overlay-opacity":"","overlay-gradient":""},"mobile":{"background-color":"var(--ast-global-color-5)","background-image":"","background-repeat":"repeat","background-position":"center center","background-size":"auto","background-attachment":"scroll","background-type":"","background-media":"","overlay-type":"","overlay-color":"","overlay-opacity":"","overlay-gradient":""}},"jetpack_publicize_message":"","jetpack_publicize_feature_enabled":true,"jetpack_social_post_already_shared":false,"jetpack_social_options":{"image_generator_settings":{"template":"highway","default_image_id":0,"font":"","enabled":false},"version":2}},"pwb-brand":[],"product_brand":[],"product_cat":[103],"product_tag":[],"class_list":{"0":"post-5295","1":"product","2":"type-product","3":"status-publish","4":"has-post-thumbnail","6":"product_cat-consolas","7":"desktop-align-center","8":"tablet-align-left","9":"mobile-align-left","11":"first","12":"instock","13":"sold-individually","14":"taxable","15":"shipping-taxable","16":"purchasable","17":"product-type-simple"},"supplier_id":null,"supplier_sku":"","barcode":null,"atum_controlled":true,"out_stock_date":null,"out_stock_threshold":null,"inheritable":false,"inbound_stock":null,"stock_on_hold":0,"sold_today":0,"sales_last_days":0,"reserved_stock":null,"customer_returns":null,"warehouse_damage":null,"lost_in_post":null,"other_logs":null,"out_stock_days":0,"lost_sales":0,"has_location":false,"update_date":"2026-05-01T00:40:13","atum_locations":[],"atum_stock_status":"instock","restock_status":false,"low_stock_amount":"","sales_update_date":"2026-05-01T00:40:13","calc_backorders":null,"jetpack_publicize_connections":[],"jetpack_sharing_enabled":true,"brands":[],"_links":{"self":[{"href":"https:\/\/www.surtistereo.com\/index.php?rest_route=\/wp\/v2\/product\/5295","targetHints":{"allow":["GET"]}}],"collection":[{"href":"https:\/\/www.surtistereo.com\/index.php?rest_route=\/wp\/v2\/product"}],"about":[{"href":"https:\/\/www.surtistereo.com\/index.php?rest_route=\/wp\/v2\/types\/product"}],"replies":[{"embeddable":true,"href":"https:\/\/www.surtistereo.com\/index.php?rest_route=%2Fwp%2Fv2%2Fcomments&post=5295"}],"version-history":[{"count":0,"href":"https:\/\/www.surtistereo.com\/index.php?rest_route=\/wp\/v2\/product\/5295\/revisions"}],"wp:featuredmedia":[{"embeddable":true,"href":"https:\/\/www.surtistereo.com\/index.php?rest_route=\/wp\/v2\/media\/5296"}],"wp:attachment":[{"href":"https:\/\/www.surtistereo.com\/index.php?rest_route=%2Fwp%2Fv2%2Fmedia&parent=5295"}],"wp:term":[{"taxonomy":"pwb-brand","embeddable":true,"href":"https:\/\/www.surtistereo.com\/index.php?rest_route=%2Fwp%2Fv2%2Fpwb-brand&post=5295"},{"taxonomy":"product_brand","embeddable":true,"href":"https:\/\/www.surtistereo.com\/index.php?rest_route=%2Fwp%2Fv2%2Fproduct_brand&post=5295"},{"taxonomy":"product_cat","embeddable":true,"href":"https:\/\/www.surtistereo.com\/index.php?rest_route=%2Fwp%2Fv2%2Fproduct_cat&post=5295"},{"taxonomy":"product_tag","embeddable":true,"href":"https:\/\/www.surtistereo.com\/index.php?rest_route=%2Fwp%2Fv2%2Fproduct_tag&post=5295"}],"curies":[{"name":"wp","href":"https:\/\/api.w.org\/{rel}","templated":true}]}}