{"id":5272,"date":"2025-05-12T10:44:59","date_gmt":"2025-05-12T15:44:59","guid":{"rendered":"https:\/\/www.surtistereo.com\/?post_type=product&#038;p=5272"},"modified":"2026-02-24T15:49:12","modified_gmt":"2026-02-24T20:49:12","slug":"dbx-pa2-driverack-dbx-complete-loundspeaker-management-system","status":"publish","type":"product","link":"https:\/\/www.surtistereo.com\/?product=dbx-pa2-driverack-dbx-complete-loundspeaker-management-system","title":{"rendered":"DBX-PA2 &#8211; DRIVERACK DBX COMPLETE LOUNDSPEAKER MANAGEMENT SYSTEM"},"content":{"rendered":"<h3>Caracter\u00edsticas t\u00e9cnicas Driver Rack PA2<\/h3>\n<ul>\n<li>Entrada (2) entradas de l\u00ednea. (1) Entrada de micr\u00f3fono RTA<\/li>\n<li>Conectores de entrada (2) Entradas de l\u00ednea XLR hembra. (1) Entrada de micr\u00f3fono XLR RTA hembra<\/li>\n<li>Tipo de entrada Electr\u00f3nicamente balanceada \/ RF filtrada<\/li>\n<li>Impedancia de entrada&gt; 50 kohm<\/li>\n<li>Convertidor A \/ D dbx Type IV \u2122 Sistema de conversi\u00f3n<\/li>\n<li>CMRR&gt; 45dB<\/li>\n<li>Mic Preamplificador Phantom Power + 15VDC (RTA)<\/li>\n<li>Preamplificador de micr\u00f3fono Ruido de entrada equivalente (EIN) &lt;-117dB, 22Hz-22kHz, 150 ohm (RTA)<\/li>\n<li>Salida (6) Salidas de l\u00ednea<\/li>\n<li>Conectores de salida macho XLR<\/li>\n<li>Tipo de salida balanceado electr\u00f3nicamente, filtrado de RF<\/li>\n<li>Impedancia de salida 120<\/li>\n<li>Salida M\u00e1x. + 20dBu<\/li>\n<li>Rango din\u00e1mico de A \/ D 112 dB ponderado A, 110 dB no ponderado<\/li>\n<li>Tipo IV Rango Din\u00e1mico 123 dB con material transitorio, ponderado A, 22kHz BW; 121 dB con material transitorio, no ponderado, 22kHz BW; 115 dB t\u00edpico con material de programa, ponderado A, 22kHz BW<\/li>\n<li>Longitud de retardo de entrada 100 ms<\/li>\n<li>Retraso de alineaci\u00f3n 10ms por canal (60ms en total)<\/li>\n<li>Frecuencia de muestreo 48 kHz<\/li>\n<li>Rango din\u00e1mico&gt; 110 dB A ponderado,&gt; 107dB no ponderado<\/li>\n<li>THD + Noise 0.003% t\u00edpico a + 4dBu, 1kHz, ganancia de entrada de 0dB<\/li>\n<li>Respuesta de frecuencia 20Hz \u2013 20kHz, +\/- 0.5dB<\/li>\n<li>Interferencia de canal &lt;-110 dB, -120dB t\u00edpica (entrada-salida-salida: &lt;-100 dB)<\/li>\n<li>Voltaje de operaci\u00f3n 100-120VAC 50\/60 Hz \u2013 EU: 220-240 VAC 50\/60 Hz<\/li>\n<li>Consumo de energ\u00eda 22 W<\/li>\n<li>Peso 5,25 libras. (2.4 kg)<\/li>\n<li>Peso de Env\u00edo 6.75 lbs. (3.1 kg)<\/li>\n<li>Dimensiones 1.75 \u201d(H) x 5.75\u201d (D) x 19 \u201d(W), 4.4cm (H) x 14.6cm (D) x 48.26cm (W)<\/li>\n<li>Rango din\u00e1mico D \/ A 112 dB ponderado A, 110 dB no ponderado<\/li>\n<\/ul>\n","protected":false},"excerpt":{"rendered":"<p>Caracter\u00edsticas t\u00e9cnicas Driver Rack PA2 Entrada (2) entradas de l\u00ednea. (1) Entrada de micr\u00f3fono RTA Conectores de entrada (2) Entradas de l\u00ednea XLR hembra. (1) Entrada de micr\u00f3fono XLR RTA hembra Tipo de entrada Electr\u00f3nicamente balanceada \/ RF filtrada Impedancia de entrada&gt; 50 kohm Convertidor A \/ D dbx Type IV \u2122 Sistema de conversi\u00f3n [&hellip;]<\/p>\n","protected":false},"featured_media":5273,"comment_status":"open","ping_status":"closed","template":"","meta":{"site-sidebar-layout":"default","site-content-layout":"","ast-site-content-layout":"default","site-content-style":"default","site-sidebar-style":"default","ast-global-header-display":"","ast-banner-title-visibility":"","ast-main-header-display":"","ast-hfb-above-header-display":"","ast-hfb-below-header-display":"","ast-hfb-mobile-header-display":"","site-post-title":"","ast-breadcrumbs-content":"","ast-featured-img":"","footer-sml-layout":"","ast-disable-related-posts":"","theme-transparent-header-meta":"default","adv-header-id-meta":"","stick-header-meta":"","header-above-stick-meta":"","header-main-stick-meta":"","header-below-stick-meta":"","astra-migrate-meta-layouts":"set","ast-page-background-enabled":"default","ast-page-background-meta":{"desktop":{"background-color":"","background-image":"","background-repeat":"repeat","background-position":"center center","background-size":"auto","background-attachment":"scroll","background-type":"","background-media":"","overlay-type":"","overlay-color":"","overlay-opacity":"","overlay-gradient":""},"tablet":{"background-color":"","background-image":"","background-repeat":"repeat","background-position":"center center","background-size":"auto","background-attachment":"scroll","background-type":"","background-media":"","overlay-type":"","overlay-color":"","overlay-opacity":"","overlay-gradient":""},"mobile":{"background-color":"","background-image":"","background-repeat":"repeat","background-position":"center center","background-size":"auto","background-attachment":"scroll","background-type":"","background-media":"","overlay-type":"","overlay-color":"","overlay-opacity":"","overlay-gradient":""}},"ast-content-background-meta":{"desktop":{"background-color":"var(--ast-global-color-5)","background-image":"","background-repeat":"repeat","background-position":"center center","background-size":"auto","background-attachment":"scroll","background-type":"","background-media":"","overlay-type":"","overlay-color":"","overlay-opacity":"","overlay-gradient":""},"tablet":{"background-color":"var(--ast-global-color-5)","background-image":"","background-repeat":"repeat","background-position":"center center","background-size":"auto","background-attachment":"scroll","background-type":"","background-media":"","overlay-type":"","overlay-color":"","overlay-opacity":"","overlay-gradient":""},"mobile":{"background-color":"var(--ast-global-color-5)","background-image":"","background-repeat":"repeat","background-position":"center center","background-size":"auto","background-attachment":"scroll","background-type":"","background-media":"","overlay-type":"","overlay-color":"","overlay-opacity":"","overlay-gradient":""}},"jetpack_publicize_message":"","jetpack_publicize_feature_enabled":true,"jetpack_social_post_already_shared":false,"jetpack_social_options":{"image_generator_settings":{"template":"highway","default_image_id":0,"font":"","enabled":false},"version":2}},"pwb-brand":[],"product_brand":[],"product_cat":[122],"product_tag":[],"class_list":{"0":"post-5272","1":"product","2":"type-product","3":"status-publish","4":"has-post-thumbnail","6":"product_cat-controladores","7":"desktop-align-center","8":"tablet-align-left","9":"mobile-align-left","11":"first","12":"outofstock","13":"sold-individually","14":"taxable","15":"shipping-taxable","16":"purchasable","17":"product-type-simple"},"supplier_id":null,"supplier_sku":"","barcode":null,"atum_controlled":true,"out_stock_date":null,"out_stock_threshold":null,"inheritable":false,"inbound_stock":null,"stock_on_hold":0,"sold_today":0,"sales_last_days":0,"reserved_stock":null,"customer_returns":null,"warehouse_damage":null,"lost_in_post":null,"other_logs":null,"out_stock_days":0,"lost_sales":0,"has_location":false,"update_date":"2026-05-01T00:40:13","atum_locations":[],"atum_stock_status":"outofstock","restock_status":false,"low_stock_amount":"","sales_update_date":"2026-05-01T00:40:13","calc_backorders":null,"jetpack_publicize_connections":[],"jetpack_sharing_enabled":true,"brands":[],"_links":{"self":[{"href":"https:\/\/www.surtistereo.com\/index.php?rest_route=\/wp\/v2\/product\/5272","targetHints":{"allow":["GET"]}}],"collection":[{"href":"https:\/\/www.surtistereo.com\/index.php?rest_route=\/wp\/v2\/product"}],"about":[{"href":"https:\/\/www.surtistereo.com\/index.php?rest_route=\/wp\/v2\/types\/product"}],"replies":[{"embeddable":true,"href":"https:\/\/www.surtistereo.com\/index.php?rest_route=%2Fwp%2Fv2%2Fcomments&post=5272"}],"version-history":[{"count":1,"href":"https:\/\/www.surtistereo.com\/index.php?rest_route=\/wp\/v2\/product\/5272\/revisions"}],"predecessor-version":[{"id":6792,"href":"https:\/\/www.surtistereo.com\/index.php?rest_route=\/wp\/v2\/product\/5272\/revisions\/6792"}],"wp:featuredmedia":[{"embeddable":true,"href":"https:\/\/www.surtistereo.com\/index.php?rest_route=\/wp\/v2\/media\/5273"}],"wp:attachment":[{"href":"https:\/\/www.surtistereo.com\/index.php?rest_route=%2Fwp%2Fv2%2Fmedia&parent=5272"}],"wp:term":[{"taxonomy":"pwb-brand","embeddable":true,"href":"https:\/\/www.surtistereo.com\/index.php?rest_route=%2Fwp%2Fv2%2Fpwb-brand&post=5272"},{"taxonomy":"product_brand","embeddable":true,"href":"https:\/\/www.surtistereo.com\/index.php?rest_route=%2Fwp%2Fv2%2Fproduct_brand&post=5272"},{"taxonomy":"product_cat","embeddable":true,"href":"https:\/\/www.surtistereo.com\/index.php?rest_route=%2Fwp%2Fv2%2Fproduct_cat&post=5272"},{"taxonomy":"product_tag","embeddable":true,"href":"https:\/\/www.surtistereo.com\/index.php?rest_route=%2Fwp%2Fv2%2Fproduct_tag&post=5272"}],"curies":[{"name":"wp","href":"https:\/\/api.w.org\/{rel}","templated":true}]}}