{"id":5269,"date":"2025-05-12T10:38:08","date_gmt":"2025-05-12T15:38:08","guid":{"rendered":"https:\/\/www.surtistereo.com\/?post_type=product&#038;p=5269"},"modified":"2025-10-16T11:24:09","modified_gmt":"2025-10-16T16:24:09","slug":"ultramix-12fx-consola-12-canales-blastking","status":"publish","type":"product","link":"https:\/\/www.surtistereo.com\/?product=ultramix-12fx-consola-12-canales-blastking","title":{"rendered":"ULTRAMIX-12FX &#8211; CONSOLA 12 CANALES BLASTKING"},"content":{"rendered":"<h3 class=\"fusion-woocommerce-tab-title fusion-responsive-typography-calculated\" data-lineheight=\"27px\" data-fontsize=\"18\">Caracter\u00edsticas<\/h3>\n<ul>\n<li>12 canales de entrada ultra silenciosos y de alto rango din\u00e1mico<\/li>\n<li>Conectores combo de alta calidad XLR\/Plug \u00bc\u201d<\/li>\n<li>rango de ganancia de 60 dB<\/li>\n<li>+22dBu capacidad de entrada de l\u00ednea<\/li>\n<li>faders suaves y de bajo ruido de 100 mm<\/li>\n<li>Ecualizador de 3 bandas de alta precisi\u00f3n (80Hz, 2.5kHz, 12kHz)<\/li>\n<li>Distorsi\u00f3n bajo 0.0007% (20Hz \u2013 50kHz)<\/li>\n<li>Ecualizador gr\u00e1fico de 7 bandas +\/- 12dB<\/li>\n<li>Los controles rotativos sellados resisten el polvo y la suciedad.<\/li>\n<li>Procesador Digital FX de 24 Bit-40Khz con 24 presets<\/li>\n<li>Interfaz Bluetooth incorporada<\/li>\n<li>Salidas RCA de grabaci\u00f3n est\u00e9reo<\/li>\n<li>2 conectores IN-RCA<\/li>\n<li>Salida de auriculares est\u00e9reo<\/li>\n<li>Salida Est\u00e9reo de la Sala de Control<\/li>\n<li>Alimentaci\u00f3n Phantom dedicada de +48V en cada canal para micr\u00f3fonos de condensador Dise\u00f1o exclusivo, fuerte y hermoso<\/li>\n<li>Fuente de alimentaci\u00f3n multivoltaje<\/li>\n<li>Componentes Profesionales de Alta Calidad<\/li>\n<li>Dise\u00f1ado en EE.UU.<\/li>\n<\/ul>\n","protected":false},"excerpt":{"rendered":"<p>Caracter\u00edsticas 12 canales de entrada ultra silenciosos y de alto rango din\u00e1mico Conectores combo de alta calidad XLR\/Plug \u00bc\u201d rango de ganancia de 60 dB +22dBu capacidad de entrada de l\u00ednea faders suaves y de bajo ruido de 100 mm Ecualizador de 3 bandas de alta precisi\u00f3n (80Hz, 2.5kHz, 12kHz) Distorsi\u00f3n bajo 0.0007% (20Hz \u2013 [&hellip;]<\/p>\n","protected":false},"featured_media":5270,"comment_status":"open","ping_status":"closed","template":"","meta":{"site-sidebar-layout":"default","site-content-layout":"","ast-site-content-layout":"default","site-content-style":"default","site-sidebar-style":"default","ast-global-header-display":"","ast-banner-title-visibility":"","ast-main-header-display":"","ast-hfb-above-header-display":"","ast-hfb-below-header-display":"","ast-hfb-mobile-header-display":"","site-post-title":"","ast-breadcrumbs-content":"","ast-featured-img":"","footer-sml-layout":"","ast-disable-related-posts":"","theme-transparent-header-meta":"default","adv-header-id-meta":"","stick-header-meta":"","header-above-stick-meta":"","header-main-stick-meta":"","header-below-stick-meta":"","astra-migrate-meta-layouts":"set","ast-page-background-enabled":"default","ast-page-background-meta":{"desktop":{"background-color":"","background-image":"","background-repeat":"repeat","background-position":"center center","background-size":"auto","background-attachment":"scroll","background-type":"","background-media":"","overlay-type":"","overlay-color":"","overlay-opacity":"","overlay-gradient":""},"tablet":{"background-color":"","background-image":"","background-repeat":"repeat","background-position":"center center","background-size":"auto","background-attachment":"scroll","background-type":"","background-media":"","overlay-type":"","overlay-color":"","overlay-opacity":"","overlay-gradient":""},"mobile":{"background-color":"","background-image":"","background-repeat":"repeat","background-position":"center center","background-size":"auto","background-attachment":"scroll","background-type":"","background-media":"","overlay-type":"","overlay-color":"","overlay-opacity":"","overlay-gradient":""}},"ast-content-background-meta":{"desktop":{"background-color":"var(--ast-global-color-5)","background-image":"","background-repeat":"repeat","background-position":"center center","background-size":"auto","background-attachment":"scroll","background-type":"","background-media":"","overlay-type":"","overlay-color":"","overlay-opacity":"","overlay-gradient":""},"tablet":{"background-color":"var(--ast-global-color-5)","background-image":"","background-repeat":"repeat","background-position":"center center","background-size":"auto","background-attachment":"scroll","background-type":"","background-media":"","overlay-type":"","overlay-color":"","overlay-opacity":"","overlay-gradient":""},"mobile":{"background-color":"var(--ast-global-color-5)","background-image":"","background-repeat":"repeat","background-position":"center center","background-size":"auto","background-attachment":"scroll","background-type":"","background-media":"","overlay-type":"","overlay-color":"","overlay-opacity":"","overlay-gradient":""}},"jetpack_publicize_message":"","jetpack_publicize_feature_enabled":true,"jetpack_social_post_already_shared":false,"jetpack_social_options":{"image_generator_settings":{"template":"highway","default_image_id":0,"font":"","enabled":false},"version":2}},"pwb-brand":[183],"product_brand":[],"product_cat":[103],"product_tag":[],"class_list":{"0":"post-5269","1":"product","2":"type-product","3":"status-publish","4":"has-post-thumbnail","6":"pwb-brand-blastking","7":"product_cat-consolas","8":"desktop-align-center","9":"tablet-align-left","10":"mobile-align-left","12":"first","13":"instock","14":"sold-individually","15":"taxable","16":"shipping-taxable","17":"purchasable","18":"product-type-simple"},"supplier_id":null,"supplier_sku":"","barcode":null,"atum_controlled":true,"out_stock_date":null,"out_stock_threshold":null,"inheritable":false,"inbound_stock":null,"stock_on_hold":0,"sold_today":0,"sales_last_days":0,"reserved_stock":null,"customer_returns":null,"warehouse_damage":null,"lost_in_post":null,"other_logs":null,"out_stock_days":0,"lost_sales":0,"has_location":false,"update_date":"2026-05-01T00:40:13","atum_locations":[],"atum_stock_status":"instock","restock_status":false,"low_stock_amount":"","sales_update_date":"2026-05-01T00:40:13","calc_backorders":null,"jetpack_publicize_connections":[],"jetpack_sharing_enabled":true,"brands":[{"id":183,"name":"BLASTKING","slug":"blastking"}],"_links":{"self":[{"href":"https:\/\/www.surtistereo.com\/index.php?rest_route=\/wp\/v2\/product\/5269","targetHints":{"allow":["GET"]}}],"collection":[{"href":"https:\/\/www.surtistereo.com\/index.php?rest_route=\/wp\/v2\/product"}],"about":[{"href":"https:\/\/www.surtistereo.com\/index.php?rest_route=\/wp\/v2\/types\/product"}],"replies":[{"embeddable":true,"href":"https:\/\/www.surtistereo.com\/index.php?rest_route=%2Fwp%2Fv2%2Fcomments&post=5269"}],"version-history":[{"count":1,"href":"https:\/\/www.surtistereo.com\/index.php?rest_route=\/wp\/v2\/product\/5269\/revisions"}],"predecessor-version":[{"id":6524,"href":"https:\/\/www.surtistereo.com\/index.php?rest_route=\/wp\/v2\/product\/5269\/revisions\/6524"}],"wp:featuredmedia":[{"embeddable":true,"href":"https:\/\/www.surtistereo.com\/index.php?rest_route=\/wp\/v2\/media\/5270"}],"wp:attachment":[{"href":"https:\/\/www.surtistereo.com\/index.php?rest_route=%2Fwp%2Fv2%2Fmedia&parent=5269"}],"wp:term":[{"taxonomy":"pwb-brand","embeddable":true,"href":"https:\/\/www.surtistereo.com\/index.php?rest_route=%2Fwp%2Fv2%2Fpwb-brand&post=5269"},{"taxonomy":"product_brand","embeddable":true,"href":"https:\/\/www.surtistereo.com\/index.php?rest_route=%2Fwp%2Fv2%2Fproduct_brand&post=5269"},{"taxonomy":"product_cat","embeddable":true,"href":"https:\/\/www.surtistereo.com\/index.php?rest_route=%2Fwp%2Fv2%2Fproduct_cat&post=5269"},{"taxonomy":"product_tag","embeddable":true,"href":"https:\/\/www.surtistereo.com\/index.php?rest_route=%2Fwp%2Fv2%2Fproduct_tag&post=5269"}],"curies":[{"name":"wp","href":"https:\/\/api.w.org\/{rel}","templated":true}]}}