{"id":5232,"date":"2025-05-08T11:38:27","date_gmt":"2025-05-08T16:38:27","guid":{"rendered":"https:\/\/www.surtistereo.com\/?post_type=product&#038;p=5232"},"modified":"2025-06-05T16:45:27","modified_gmt":"2025-06-05T21:45:27","slug":"zlx-12p-g2-cabina-activa-12-1000w-electro-voice","status":"publish","type":"product","link":"https:\/\/www.surtistereo.com\/?product=zlx-12p-g2-cabina-activa-12-1000w-electro-voice","title":{"rendered":"ZLX-12P-G2 &#8211; CABINA ACTIVA 12&#8243; 1000W ELECTRO-VOICE"},"content":{"rendered":"<h3>Rendimiento y dise\u00f1o mejorados<\/h3>\n<p>El Electro-Voice ZLX-12P G2 12\u2033 Active PA Speaker es la nueva generaci\u00f3n del aclamado ZLX series. Este altavoz supera a sus predecesores con una mayor salida SPL m\u00e1xima y una respuesta en frecuencia ampliada. Con su potente rendimiento, establece un nuevo est\u00e1ndar de excelencia de audio en su clase.<\/p>\n<h3>Robusto y ergon\u00f3mico<\/h3>\n<p>Dise\u00f1ado para ofrecer la m\u00e1xima durabilidad y portabilidad, el ZLX-12P G2 cuenta con una carcasa robusta y ergon\u00f3mica. Su construcci\u00f3n robusta garantiza que pueda soportar las exigencias del uso diario, por lo que es ideal para m\u00fasicos, DJ y artistas en movimiento.<\/p>\n<h3>Opciones de conectividad avanzadas<\/h3>\n<p>El ZLX-12P G2 viene equipado con opciones de conectividad avanzadas para satisfacer las necesidades de las configuraciones de audio modernas. Con la transmisi\u00f3n est\u00e9reo inal\u00e1mbrica integrada Bluetooth, puede conectar f\u00e1cilmente sus dispositivos y disfrutar de audio de alta calidad sin la molestia de los cables. La aplicaci\u00f3n QuickSmart Mobile permite un control perfecto del mezclador y de todas las funciones de los altavoces, lo que le ofrece un control total del sonido.<\/p>\n<h3>Potenciado por Dynacord<\/h3>\n<p>El ZLX-12P G2 cuenta con un mezclador digital integrado con una amplia gama de funciones creadas en colaboraci\u00f3n con Dynacord. Puede acceder a varios efectos, supresi\u00f3n autom\u00e1tica de realimentaci\u00f3n (AFS) y PEQ para ajustar con precisi\u00f3n el sonido y obtener un rendimiento \u00f3ptimo. El mezclador tambi\u00e9n proporciona alimentaci\u00f3n phantom de 24 V y compatibilidad Hi-Z, lo que garantiza la compatibilidad con una gran variedad de fuentes de audio.<\/p>\n<h2><strong>CARACTERISTICAS<\/strong><\/h2>\n<ul>\n<li>Altavoz de PA activo de nueva generaci\u00f3n de la l\u00ednea ZLX de Electro-Voice<\/li>\n<li>Salida de sonido mejorada y respuesta en frecuencia ampliada gracias a la amplificaci\u00f3n y los transductores mejorados<\/li>\n<li>El woofer de 12 pulgadas ofrece un sonido de hasta 48 Hz y una salida m\u00e1xima de 127 dB<\/li>\n<li>El bafle del transductor sincronizado de se\u00f1al (SST) reduce el tama\u00f1o a la vez que aumenta la respuesta de graves y la salida<\/li>\n<li>La carcasa redise\u00f1ada es m\u00e1s peque\u00f1a y ligera para un uso port\u00e1til<\/li>\n<li>Bluetooth Transmisi\u00f3n est\u00e9reo para reproducir m\u00fasica sin cables<\/li>\n<li>Compatibilidad con la aplicaci\u00f3n m\u00f3vil QuickSmart de Electro-Voice para control inal\u00e1mbrico y funciones adicionales<\/li>\n<li>Mezclador digital, efectos y DSP dise\u00f1ados por Dynacord, como ecualizador param\u00e9trico, supresi\u00f3n de realimentaci\u00f3n y ducking<\/li>\n<li>Dos entradas combo jack con alimentaci\u00f3n phantom de 24 V para micr\u00f3fonos de condensador y Hi-Z para guitarras<\/li>\n<li>Pantalla LCD m\u00e1s grande a todo color e interfaz de codificador \u00fanico y teclas para un control m\u00e1s sencillo<\/li>\n<li>Preajustes de subwoofer para ajustar la ganancia y la alineaci\u00f3n temporal para facilitar la conectividad entre subwoofers y altavoces<\/li>\n<li>Filtros de paso alto para un cruce ajustable con los subwoofers<\/li>\n<\/ul>\n","protected":false},"excerpt":{"rendered":"<p>Rendimiento y dise\u00f1o mejorados El Electro-Voice ZLX-12P G2 12\u2033 Active PA Speaker es la nueva generaci\u00f3n del aclamado ZLX series. Este altavoz supera a sus predecesores con una mayor salida SPL m\u00e1xima y una respuesta en frecuencia ampliada. Con su potente rendimiento, establece un nuevo est\u00e1ndar de excelencia de audio en su clase. Robusto y [&hellip;]<\/p>\n","protected":false},"featured_media":5233,"comment_status":"open","ping_status":"closed","template":"","meta":{"site-sidebar-layout":"default","site-content-layout":"","ast-site-content-layout":"default","site-content-style":"default","site-sidebar-style":"default","ast-global-header-display":"","ast-banner-title-visibility":"","ast-main-header-display":"","ast-hfb-above-header-display":"","ast-hfb-below-header-display":"","ast-hfb-mobile-header-display":"","site-post-title":"","ast-breadcrumbs-content":"","ast-featured-img":"","footer-sml-layout":"","ast-disable-related-posts":"","theme-transparent-header-meta":"default","adv-header-id-meta":"","stick-header-meta":"","header-above-stick-meta":"","header-main-stick-meta":"","header-below-stick-meta":"","astra-migrate-meta-layouts":"set","ast-page-background-enabled":"default","ast-page-background-meta":{"desktop":{"background-color":"","background-image":"","background-repeat":"repeat","background-position":"center center","background-size":"auto","background-attachment":"scroll","background-type":"","background-media":"","overlay-type":"","overlay-color":"","overlay-opacity":"","overlay-gradient":""},"tablet":{"background-color":"","background-image":"","background-repeat":"repeat","background-position":"center center","background-size":"auto","background-attachment":"scroll","background-type":"","background-media":"","overlay-type":"","overlay-color":"","overlay-opacity":"","overlay-gradient":""},"mobile":{"background-color":"","background-image":"","background-repeat":"repeat","background-position":"center center","background-size":"auto","background-attachment":"scroll","background-type":"","background-media":"","overlay-type":"","overlay-color":"","overlay-opacity":"","overlay-gradient":""}},"ast-content-background-meta":{"desktop":{"background-color":"var(--ast-global-color-5)","background-image":"","background-repeat":"repeat","background-position":"center center","background-size":"auto","background-attachment":"scroll","background-type":"","background-media":"","overlay-type":"","overlay-color":"","overlay-opacity":"","overlay-gradient":""},"tablet":{"background-color":"var(--ast-global-color-5)","background-image":"","background-repeat":"repeat","background-position":"center center","background-size":"auto","background-attachment":"scroll","background-type":"","background-media":"","overlay-type":"","overlay-color":"","overlay-opacity":"","overlay-gradient":""},"mobile":{"background-color":"var(--ast-global-color-5)","background-image":"","background-repeat":"repeat","background-position":"center center","background-size":"auto","background-attachment":"scroll","background-type":"","background-media":"","overlay-type":"","overlay-color":"","overlay-opacity":"","overlay-gradient":""}},"jetpack_publicize_message":"","jetpack_publicize_feature_enabled":true,"jetpack_social_post_already_shared":false,"jetpack_social_options":{"image_generator_settings":{"template":"highway","default_image_id":0,"font":"","enabled":false},"version":2}},"pwb-brand":[],"product_brand":[],"product_cat":[118],"product_tag":[],"class_list":{"0":"post-5232","1":"product","2":"type-product","3":"status-publish","4":"has-post-thumbnail","6":"product_cat-sistemas-de-audio","7":"desktop-align-center","8":"tablet-align-left","9":"mobile-align-left","11":"first","12":"instock","13":"sold-individually","14":"taxable","15":"shipping-taxable","16":"purchasable","17":"product-type-simple"},"supplier_id":null,"supplier_sku":"","barcode":null,"atum_controlled":true,"out_stock_date":null,"out_stock_threshold":null,"inheritable":false,"inbound_stock":null,"stock_on_hold":0,"sold_today":0,"sales_last_days":0,"reserved_stock":null,"customer_returns":null,"warehouse_damage":null,"lost_in_post":null,"other_logs":null,"out_stock_days":0,"lost_sales":0,"has_location":false,"update_date":"2026-05-01T00:40:13","atum_locations":[],"atum_stock_status":"instock","restock_status":false,"low_stock_amount":"","sales_update_date":"2026-05-01T00:40:13","calc_backorders":null,"jetpack_publicize_connections":[],"jetpack_sharing_enabled":true,"brands":[],"_links":{"self":[{"href":"https:\/\/www.surtistereo.com\/index.php?rest_route=\/wp\/v2\/product\/5232","targetHints":{"allow":["GET"]}}],"collection":[{"href":"https:\/\/www.surtistereo.com\/index.php?rest_route=\/wp\/v2\/product"}],"about":[{"href":"https:\/\/www.surtistereo.com\/index.php?rest_route=\/wp\/v2\/types\/product"}],"replies":[{"embeddable":true,"href":"https:\/\/www.surtistereo.com\/index.php?rest_route=%2Fwp%2Fv2%2Fcomments&post=5232"}],"version-history":[{"count":1,"href":"https:\/\/www.surtistereo.com\/index.php?rest_route=\/wp\/v2\/product\/5232\/revisions"}],"predecessor-version":[{"id":5235,"href":"https:\/\/www.surtistereo.com\/index.php?rest_route=\/wp\/v2\/product\/5232\/revisions\/5235"}],"wp:featuredmedia":[{"embeddable":true,"href":"https:\/\/www.surtistereo.com\/index.php?rest_route=\/wp\/v2\/media\/5233"}],"wp:attachment":[{"href":"https:\/\/www.surtistereo.com\/index.php?rest_route=%2Fwp%2Fv2%2Fmedia&parent=5232"}],"wp:term":[{"taxonomy":"pwb-brand","embeddable":true,"href":"https:\/\/www.surtistereo.com\/index.php?rest_route=%2Fwp%2Fv2%2Fpwb-brand&post=5232"},{"taxonomy":"product_brand","embeddable":true,"href":"https:\/\/www.surtistereo.com\/index.php?rest_route=%2Fwp%2Fv2%2Fproduct_brand&post=5232"},{"taxonomy":"product_cat","embeddable":true,"href":"https:\/\/www.surtistereo.com\/index.php?rest_route=%2Fwp%2Fv2%2Fproduct_cat&post=5232"},{"taxonomy":"product_tag","embeddable":true,"href":"https:\/\/www.surtistereo.com\/index.php?rest_route=%2Fwp%2Fv2%2Fproduct_tag&post=5232"}],"curies":[{"name":"wp","href":"https:\/\/api.w.org\/{rel}","templated":true}]}}