{"id":2903,"date":"2024-03-05T21:11:17","date_gmt":"2024-03-05T21:11:17","guid":{"rendered":"https:\/\/surtistereo.com\/?post_type=product&#038;p=2903"},"modified":"2026-02-24T11:14:05","modified_gmt":"2026-02-24T16:14:05","slug":"multimetro-digital-uni-t-ut33c","status":"publish","type":"product","link":"https:\/\/www.surtistereo.com\/?product=multimetro-digital-uni-t-ut33c","title":{"rendered":"UT33C+ MULTIMETRO DIGITAL UNI-T"},"content":{"rendered":"<p class=\"xinhao-name\">UT33C+ Mult\u00edmetro De Mano Uni-Trend , la nueva generaci\u00f3n de la serie UT33 + redefine los est\u00e1ndares de rendimiento para mult\u00edmetros digitales de nivel b\u00e1sico. Nuestro dise\u00f1o industrial innovador garantiza que estos productos puedan soportar ca\u00eddas de 2 metros. El nuevo dise\u00f1o de la pantalla LCD proporciona una mejor experiencia de usuario. Esta serie garantiza que los usuarios puedan trabajar de forma segura en un entorno CAT II 600V.<\/p>\n<h2>Caracter\u00edsticas<\/h2>\n<ul>\n<li>Pantalla LCD clara<\/li>\n<li>Cubierta protectora c\u00f3moda, con ranura para colgar<\/li>\n<li>Prueba de ca\u00edda de 2 metros, protecci\u00f3n de precisi\u00f3n<\/li>\n<li>Sonido zumbador fuerte; Dise\u00f1o ergon\u00f3mico<\/li>\n<li>Las caracter\u00edstica especial es la funci\u00f3n de medici\u00f3n de temperatura<\/li>\n<\/ul>\n<h3>Especificaciones Del Mult\u00edmetro De Mano Uni-Trend UT33C+<\/h3>\n<table border=\"0\" width=\"597\" cellspacing=\"0\" cellpadding=\"0\">\n<tbody>\n<tr>\n<td height=\"20\"><b>Caracter\u00edsticas<\/b><\/td>\n<td><strong>Rango<\/strong><\/td>\n<td><strong>UT33C +<\/strong><\/td>\n<\/tr>\n<tr>\n<td height=\"19\">Voltaje DC (V)<\/td>\n<td>200mV \/ 2V \/ 20V \/ 200V \/ 600V<\/td>\n<td>\u00b1 (0.5% \uff0b 2)<\/td>\n<\/tr>\n<tr>\n<td height=\"19\">Voltaje CA (V)<\/td>\n<td>200V \/ 600V<\/td>\n<td>\u00b1 (1.2% + 3)<\/td>\n<\/tr>\n<tr>\n<td height=\"19\">Corriente DC (A)<\/td>\n<td>2000\u03bcA \/ 20mA \/ 200mA \/ 10A<\/td>\n<td>\u00b1 (1% + 2)<\/td>\n<\/tr>\n<tr>\n<td height=\"19\">Resistencia (\u03a9)<\/td>\n<td>200\u03a9 \/ 2k\u03a9 \/ 20k\u03a9<br \/>\n\/ 200k\u03a9 \/ 20M\u03a9<\/td>\n<td>\u00b1 (0.8% + 2)<\/td>\n<\/tr>\n<tr>\n<td rowspan=\"2\" height=\"38\">Temperatura<\/td>\n<td>-40 \u2103 ~ 1000 \u2103<\/td>\n<td>\u00b1 (1% + 4)<\/td>\n<\/tr>\n<tr>\n<td height=\"19\">-40 \u2109 ~ 1832 \u2109<\/td>\n<td>\u00b1 (1.5% + 5)<\/td>\n<\/tr>\n<tr>\n<td colspan=\"3\" height=\"20\"><\/td>\n<\/tr>\n<tr>\n<td height=\"19\">Recuento de pantalla<\/td>\n<td><\/td>\n<td>2000<\/td>\n<\/tr>\n<tr>\n<td height=\"19\">Apagado autom\u00e1tico \/ Retroiluminaci\u00f3n autom\u00e1tica apagada<\/td>\n<td><\/td>\n<td>\u221a<\/td>\n<\/tr>\n<tr>\n<td height=\"19\">Test de diodo \/ zumbador de continuidad<\/td>\n<td><\/td>\n<td>\u221a<\/td>\n<\/tr>\n<tr>\n<td height=\"19\">Prueba de ca\u00edda 2m \/ soporte de la sonda de prueba<\/td>\n<td><\/td>\n<td>\u221a<\/td>\n<\/tr>\n<tr>\n<td height=\"19\">Selecci\u00f3n de rango<\/td>\n<td><\/td>\n<td>Manual<\/td>\n<\/tr>\n<tr>\n<td colspan=\"3\" height=\"20\"><strong>Caracter\u00edsticas generales<\/strong><\/td>\n<\/tr>\n<tr>\n<td height=\"19\">Alimentaci\u00f3n<\/td>\n<td colspan=\"2\">Bater\u00eda 1.5V (R03) x 2<\/td>\n<\/tr>\n<tr>\n<td height=\"19\">Monitor<\/td>\n<td colspan=\"2\">66 mm x 51 mm<\/td>\n<\/tr>\n<tr>\n<td height=\"19\">Peso neto del producto<\/td>\n<td colspan=\"2\">206g (pilas incluidas)<\/td>\n<\/tr>\n<tr>\n<td height=\"19\">Color del producto<\/td>\n<td colspan=\"2\">Rojo y gris<\/td>\n<\/tr>\n<tr>\n<td height=\"19\">Tama\u00f1o del producto<\/td>\n<td colspan=\"2\">134 mm x 77 mm x 47 mm<\/td>\n<\/tr>\n<tr>\n<td height=\"19\">Accesorios est\u00e1ndar<\/td>\n<td colspan=\"2\">Bater\u00edas, cables de prueba, termopar tipo K y manual en ingles<\/td>\n<\/tr>\n<\/tbody>\n<\/table>\n","protected":false},"excerpt":{"rendered":"<p>UT33C+ Mult\u00edmetro De Mano Uni-Trend , la nueva generaci\u00f3n de la serie UT33 + redefine los est\u00e1ndares de rendimiento para mult\u00edmetros digitales de nivel b\u00e1sico. Nuestro dise\u00f1o industrial innovador garantiza que estos productos puedan soportar ca\u00eddas de 2 metros. El nuevo dise\u00f1o de la pantalla LCD proporciona una mejor experiencia de usuario. Esta serie garantiza [&hellip;]<\/p>\n","protected":false},"featured_media":2904,"comment_status":"open","ping_status":"closed","template":"","meta":{"site-sidebar-layout":"default","site-content-layout":"","ast-site-content-layout":"default","site-content-style":"default","site-sidebar-style":"default","ast-global-header-display":"","ast-banner-title-visibility":"","ast-main-header-display":"","ast-hfb-above-header-display":"","ast-hfb-below-header-display":"","ast-hfb-mobile-header-display":"","site-post-title":"","ast-breadcrumbs-content":"","ast-featured-img":"","footer-sml-layout":"","ast-disable-related-posts":"","theme-transparent-header-meta":"default","adv-header-id-meta":"","stick-header-meta":"","header-above-stick-meta":"","header-main-stick-meta":"","header-below-stick-meta":"","astra-migrate-meta-layouts":"set","ast-page-background-enabled":"default","ast-page-background-meta":{"desktop":{"background-color":"","background-image":"","background-repeat":"repeat","background-position":"center center","background-size":"auto","background-attachment":"scroll","background-type":"","background-media":"","overlay-type":"","overlay-color":"","overlay-opacity":"","overlay-gradient":""},"tablet":{"background-color":"","background-image":"","background-repeat":"repeat","background-position":"center center","background-size":"auto","background-attachment":"scroll","background-type":"","background-media":"","overlay-type":"","overlay-color":"","overlay-opacity":"","overlay-gradient":""},"mobile":{"background-color":"","background-image":"","background-repeat":"repeat","background-position":"center center","background-size":"auto","background-attachment":"scroll","background-type":"","background-media":"","overlay-type":"","overlay-color":"","overlay-opacity":"","overlay-gradient":""}},"ast-content-background-meta":{"desktop":{"background-color":"var(--ast-global-color-5)","background-image":"","background-repeat":"repeat","background-position":"center center","background-size":"auto","background-attachment":"scroll","background-type":"","background-media":"","overlay-type":"","overlay-color":"","overlay-opacity":"","overlay-gradient":""},"tablet":{"background-color":"var(--ast-global-color-5)","background-image":"","background-repeat":"repeat","background-position":"center center","background-size":"auto","background-attachment":"scroll","background-type":"","background-media":"","overlay-type":"","overlay-color":"","overlay-opacity":"","overlay-gradient":""},"mobile":{"background-color":"var(--ast-global-color-5)","background-image":"","background-repeat":"repeat","background-position":"center center","background-size":"auto","background-attachment":"scroll","background-type":"","background-media":"","overlay-type":"","overlay-color":"","overlay-opacity":"","overlay-gradient":""}},"jetpack_publicize_message":"","jetpack_publicize_feature_enabled":true,"jetpack_social_post_already_shared":false,"jetpack_social_options":{"image_generator_settings":{"template":"highway","default_image_id":0,"font":"","enabled":false},"version":2}},"pwb-brand":[],"product_brand":[],"product_cat":[95,151],"product_tag":[],"class_list":{"0":"post-2903","1":"product","2":"type-product","3":"status-publish","4":"has-post-thumbnail","6":"product_cat-herramientas","7":"product_cat-multimetro-digital","8":"desktop-align-center","9":"tablet-align-left","10":"mobile-align-left","12":"first","13":"instock","14":"sold-individually","15":"taxable","16":"shipping-taxable","17":"purchasable","18":"product-type-simple"},"supplier_id":null,"supplier_sku":"","barcode":null,"atum_controlled":true,"out_stock_date":null,"out_stock_threshold":null,"inheritable":false,"inbound_stock":null,"stock_on_hold":0,"sold_today":0,"sales_last_days":0,"reserved_stock":null,"customer_returns":null,"warehouse_damage":null,"lost_in_post":null,"other_logs":null,"out_stock_days":0,"lost_sales":0,"has_location":false,"update_date":"2026-05-01T00:40:13","atum_locations":[],"atum_stock_status":"instock","restock_status":false,"low_stock_amount":"","sales_update_date":"2026-05-01T00:40:13","calc_backorders":null,"jetpack_publicize_connections":[],"jetpack_sharing_enabled":true,"brands":[],"_links":{"self":[{"href":"https:\/\/www.surtistereo.com\/index.php?rest_route=\/wp\/v2\/product\/2903","targetHints":{"allow":["GET"]}}],"collection":[{"href":"https:\/\/www.surtistereo.com\/index.php?rest_route=\/wp\/v2\/product"}],"about":[{"href":"https:\/\/www.surtistereo.com\/index.php?rest_route=\/wp\/v2\/types\/product"}],"replies":[{"embeddable":true,"href":"https:\/\/www.surtistereo.com\/index.php?rest_route=%2Fwp%2Fv2%2Fcomments&post=2903"}],"version-history":[{"count":2,"href":"https:\/\/www.surtistereo.com\/index.php?rest_route=\/wp\/v2\/product\/2903\/revisions"}],"predecessor-version":[{"id":6726,"href":"https:\/\/www.surtistereo.com\/index.php?rest_route=\/wp\/v2\/product\/2903\/revisions\/6726"}],"wp:featuredmedia":[{"embeddable":true,"href":"https:\/\/www.surtistereo.com\/index.php?rest_route=\/wp\/v2\/media\/2904"}],"wp:attachment":[{"href":"https:\/\/www.surtistereo.com\/index.php?rest_route=%2Fwp%2Fv2%2Fmedia&parent=2903"}],"wp:term":[{"taxonomy":"pwb-brand","embeddable":true,"href":"https:\/\/www.surtistereo.com\/index.php?rest_route=%2Fwp%2Fv2%2Fpwb-brand&post=2903"},{"taxonomy":"product_brand","embeddable":true,"href":"https:\/\/www.surtistereo.com\/index.php?rest_route=%2Fwp%2Fv2%2Fproduct_brand&post=2903"},{"taxonomy":"product_cat","embeddable":true,"href":"https:\/\/www.surtistereo.com\/index.php?rest_route=%2Fwp%2Fv2%2Fproduct_cat&post=2903"},{"taxonomy":"product_tag","embeddable":true,"href":"https:\/\/www.surtistereo.com\/index.php?rest_route=%2Fwp%2Fv2%2Fproduct_tag&post=2903"}],"curies":[{"name":"wp","href":"https:\/\/api.w.org\/{rel}","templated":true}]}}