{"id":2424,"date":"2023-12-21T14:21:52","date_gmt":"2023-12-21T14:21:52","guid":{"rendered":"https:\/\/surtistereo.store\/?post_type=product&#038;p=2424"},"modified":"2025-10-16T11:53:33","modified_gmt":"2025-10-16T16:53:33","slug":"altavoz-activo-bose-rango-completo-1000w","status":"publish","type":"product","link":"https:\/\/www.surtistereo.com\/?product=altavoz-activo-bose-rango-completo-1000w","title":{"rendered":"F1-MODEL812 ALTAVOZ ACTIVO BOSE RANGO COMPLETO 1000W"},"content":{"rendered":"<h2 class=\"bose-tabContent__title \">F1-MODEL812<\/h2>\n<h2 class=\"bose-tabContent__title \">CARACTER\u00cdSTICAS<\/h2>\n<div class=\"column\">\n<p>&nbsp;<\/p>\n<div class=\"bose-column \">\n<div class=\"bose-column__container\">\n<section class=\"grid-12 bose-column__column no-gutter \">\n<div class=\"no-gutter-left grid-6 grid-medium-6 clear-medium-left grid-small-12\">\n<div class=\"list\">\n<div class=\"bose-list bose-list--none -tempStepFix\">\n<div class=\"bose-list__list bose-list__list--bullet\">\n<div class=\"listItem\">\n<div class=\"bose-list__listitem\">\n<div class=\"text\">\n<div class=\"bose-richText \">\n<p><strong>Potente altavoz de rango completo<\/strong>\u00a0con un SPL m\u00e1ximo de 132 dB y un rendimiento de baja frecuencia de hasta 43 Hz (-10 dB)<\/p>\n<\/div>\n<\/div>\n<\/div>\n<\/div>\n<div class=\"listItem\">\n<div class=\"bose-list__listitem\">\n<div class=\"text\">\n<div class=\"bose-richText \">\n<p><strong>Dise\u00f1o port\u00e1til e independiente<\/strong>\u00a0con un amplificador incorporado de 1000 watts y 9 transductores: 8 drivers de salida alta y un woofer de 30.5 cm (12&#8243;) de alta potencia<\/p>\n<\/div>\n<\/div>\n<\/div>\n<\/div>\n<div class=\"listItem\">\n<div class=\"bose-list__listitem\">\n<div class=\"text\">\n<div class=\"bose-richText \">\n<p><strong>Punto de crossover m\u00e1s bajo<\/strong>\u00a0que los altavoces convencionales para obtener voces m\u00e1s claras y naturales, incluso a vol\u00famenes altos.<\/p>\n<\/div>\n<\/div>\n<\/div>\n<\/div>\n<div class=\"listItem\">\n<div class=\"bose-list__listitem\">\n<div class=\"text\">\n<div class=\"bose-richText \">\n<p><strong>Tecnolog\u00eda de arreglo flexible:<\/strong>\u00a0ajuste con facilidad el patr\u00f3n de cobertura (recto, en C, en J o J invertida) para optimizar el sonido en diferentes espacios, como a nivel del piso, en un escenario, frente a asientos o grader\u00edas, y mucho m\u00e1s.<\/p>\n<\/div>\n<\/div>\n<\/div>\n<\/div>\n<div class=\"listItem\">\n<div class=\"bose-list__listitem\">\n<div class=\"text\">\n<div class=\"bose-richText \">\n<p>La\u00a0<strong>ecualizaci\u00f3n autom\u00e1tica<\/strong>\u00a0se adapta con el fin de mantener un balance tonal \u00f3ptimo para cada patr\u00f3n de cobertura<\/p>\n<\/div>\n<\/div>\n<\/div>\n<\/div>\n<div class=\"listItem\">\n<div class=\"bose-list__listitem\">\n<div class=\"text\">\n<div class=\"bose-richText \">\n<p><strong>Asas integradas<\/strong>\u00a0para transportar el altavoz f\u00e1cilmente y es compatible con los soportes de altavoz de 35 mm (se venden por separado).<\/p>\n<\/div>\n<\/div>\n<\/div>\n<\/div>\n<div class=\"listItem\">\n<div class=\"bose-list__listitem\">\n<div class=\"text\">\n<div class=\"bose-richText \">\n<p><strong>Subwoofer Bose F1 opcional<\/strong>\u00a0(se vende por separado) para obtener una respuesta de frecuencia incluso m\u00e1s baja<\/p>\n<\/div>\n<\/div>\n<div class=\"text\">\n<div class=\"bose-richText \">\n<ul>\n<li>Soporte de altavoz integrado para el altavoz F1 Model 812<\/li>\n<li>Amplificador incorporado de 1000 watts<\/li>\n<li>Canales de cable ocultos para un aspecto ordenado<\/li>\n<li>Asas integradas para un f\u00e1cil transporte<\/li>\n<\/ul>\n<\/div>\n<\/div>\n<\/div>\n<\/div>\n<\/div>\n<\/div>\n<\/div>\n<\/div>\n<div class=\"no-gutter-left grid-6 grid-medium-6 grid-small-12\">\n<div class=\"title\">\n<p>&nbsp;<\/p>\n<h3 class=\"bose-title -left -productPage -\">Aplicaciones<\/h3>\n<\/div>\n<div class=\"list\">\n<div class=\"bose-list bose-list--none \">\n<ul class=\"bose-list__list bose-list__list--bullet\">\n<li class=\"bose-list__listitem \">Presentaciones musicales en vivo<\/li>\n<li class=\"bose-list__listitem \">Bandas de todos los estilos<\/li>\n<li class=\"bose-list__listitem \">M\u00fasicos solistas<\/li>\n<li class=\"bose-list__listitem \">DJ M\u00f3viles<\/li>\n<li class=\"bose-list__listitem \">Casas de culto<\/li>\n<li class=\"bose-list__listitem \">Escuelas y universidades<\/li>\n<li class=\"bose-list__listitem \">Centros tur\u00edsticos y hoteles<\/li>\n<li class=\"bose-list__listitem bose-list__listitem--last\">Presentaciones de negocios<\/li>\n<\/ul>\n<\/div>\n<\/div>\n<\/div>\n<\/section>\n<\/div>\n<\/div>\n<\/div>\n","protected":false},"excerpt":{"rendered":"<p>F1-MODEL812 CARACTER\u00cdSTICAS &nbsp; Potente altavoz de rango completo\u00a0con un SPL m\u00e1ximo de 132 dB y un rendimiento de baja frecuencia de hasta 43 Hz (-10 dB) Dise\u00f1o port\u00e1til e independiente\u00a0con un amplificador incorporado de 1000 watts y 9 transductores: 8 drivers de salida alta y un woofer de 30.5 cm (12&#8243;) de alta potencia Punto [&hellip;]<\/p>\n","protected":false},"featured_media":3819,"comment_status":"open","ping_status":"closed","template":"","meta":{"site-sidebar-layout":"default","site-content-layout":"","ast-site-content-layout":"default","site-content-style":"default","site-sidebar-style":"default","ast-global-header-display":"","ast-banner-title-visibility":"","ast-main-header-display":"","ast-hfb-above-header-display":"","ast-hfb-below-header-display":"","ast-hfb-mobile-header-display":"","site-post-title":"","ast-breadcrumbs-content":"","ast-featured-img":"","footer-sml-layout":"","ast-disable-related-posts":"","theme-transparent-header-meta":"default","adv-header-id-meta":"","stick-header-meta":"","header-above-stick-meta":"","header-main-stick-meta":"","header-below-stick-meta":"","astra-migrate-meta-layouts":"set","ast-page-background-enabled":"default","ast-page-background-meta":{"desktop":{"background-color":"","background-image":"","background-repeat":"repeat","background-position":"center center","background-size":"auto","background-attachment":"scroll","background-type":"","background-media":"","overlay-type":"","overlay-color":"","overlay-opacity":"","overlay-gradient":""},"tablet":{"background-color":"","background-image":"","background-repeat":"repeat","background-position":"center center","background-size":"auto","background-attachment":"scroll","background-type":"","background-media":"","overlay-type":"","overlay-color":"","overlay-opacity":"","overlay-gradient":""},"mobile":{"background-color":"","background-image":"","background-repeat":"repeat","background-position":"center center","background-size":"auto","background-attachment":"scroll","background-type":"","background-media":"","overlay-type":"","overlay-color":"","overlay-opacity":"","overlay-gradient":""}},"ast-content-background-meta":{"desktop":{"background-color":"var(--ast-global-color-5)","background-image":"","background-repeat":"repeat","background-position":"center center","background-size":"auto","background-attachment":"scroll","background-type":"","background-media":"","overlay-type":"","overlay-color":"","overlay-opacity":"","overlay-gradient":""},"tablet":{"background-color":"var(--ast-global-color-5)","background-image":"","background-repeat":"repeat","background-position":"center center","background-size":"auto","background-attachment":"scroll","background-type":"","background-media":"","overlay-type":"","overlay-color":"","overlay-opacity":"","overlay-gradient":""},"mobile":{"background-color":"var(--ast-global-color-5)","background-image":"","background-repeat":"repeat","background-position":"center center","background-size":"auto","background-attachment":"scroll","background-type":"","background-media":"","overlay-type":"","overlay-color":"","overlay-opacity":"","overlay-gradient":""}},"jetpack_publicize_message":"","jetpack_publicize_feature_enabled":true,"jetpack_social_post_already_shared":false,"jetpack_social_options":{"image_generator_settings":{"template":"highway","default_image_id":0,"font":"","enabled":false},"version":2}},"pwb-brand":[170],"product_brand":[],"product_cat":[107],"product_tag":[],"class_list":{"0":"post-2424","1":"product","2":"type-product","3":"status-publish","4":"has-post-thumbnail","6":"pwb-brand-bose","7":"product_cat-cabinas-activas","8":"desktop-align-center","9":"tablet-align-left","10":"mobile-align-left","12":"first","13":"instock","14":"sold-individually","15":"taxable","16":"shipping-taxable","17":"purchasable","18":"product-type-simple"},"supplier_id":null,"supplier_sku":"","barcode":null,"atum_controlled":true,"out_stock_date":null,"out_stock_threshold":null,"inheritable":false,"inbound_stock":null,"stock_on_hold":0,"sold_today":0,"sales_last_days":0,"reserved_stock":null,"customer_returns":null,"warehouse_damage":null,"lost_in_post":null,"other_logs":null,"out_stock_days":0,"lost_sales":0,"has_location":false,"update_date":"2026-05-01T00:40:14","atum_locations":[],"atum_stock_status":"instock","restock_status":false,"low_stock_amount":"","sales_update_date":"2026-05-01T00:40:14","calc_backorders":null,"jetpack_publicize_connections":[],"jetpack_sharing_enabled":true,"brands":[{"id":170,"name":"BOSE","slug":"bose"}],"_links":{"self":[{"href":"https:\/\/www.surtistereo.com\/index.php?rest_route=\/wp\/v2\/product\/2424","targetHints":{"allow":["GET"]}}],"collection":[{"href":"https:\/\/www.surtistereo.com\/index.php?rest_route=\/wp\/v2\/product"}],"about":[{"href":"https:\/\/www.surtistereo.com\/index.php?rest_route=\/wp\/v2\/types\/product"}],"replies":[{"embeddable":true,"href":"https:\/\/www.surtistereo.com\/index.php?rest_route=%2Fwp%2Fv2%2Fcomments&post=2424"}],"version-history":[{"count":2,"href":"https:\/\/www.surtistereo.com\/index.php?rest_route=\/wp\/v2\/product\/2424\/revisions"}],"predecessor-version":[{"id":6574,"href":"https:\/\/www.surtistereo.com\/index.php?rest_route=\/wp\/v2\/product\/2424\/revisions\/6574"}],"wp:featuredmedia":[{"embeddable":true,"href":"https:\/\/www.surtistereo.com\/index.php?rest_route=\/wp\/v2\/media\/3819"}],"wp:attachment":[{"href":"https:\/\/www.surtistereo.com\/index.php?rest_route=%2Fwp%2Fv2%2Fmedia&parent=2424"}],"wp:term":[{"taxonomy":"pwb-brand","embeddable":true,"href":"https:\/\/www.surtistereo.com\/index.php?rest_route=%2Fwp%2Fv2%2Fpwb-brand&post=2424"},{"taxonomy":"product_brand","embeddable":true,"href":"https:\/\/www.surtistereo.com\/index.php?rest_route=%2Fwp%2Fv2%2Fproduct_brand&post=2424"},{"taxonomy":"product_cat","embeddable":true,"href":"https:\/\/www.surtistereo.com\/index.php?rest_route=%2Fwp%2Fv2%2Fproduct_cat&post=2424"},{"taxonomy":"product_tag","embeddable":true,"href":"https:\/\/www.surtistereo.com\/index.php?rest_route=%2Fwp%2Fv2%2Fproduct_tag&post=2424"}],"curies":[{"name":"wp","href":"https:\/\/api.w.org\/{rel}","templated":true}]}}