{"id":2404,"date":"2023-12-21T13:56:15","date_gmt":"2023-12-21T13:56:15","guid":{"rendered":"https:\/\/surtistereo.store\/?post_type=product&#038;p=2404"},"modified":"2025-05-06T15:01:22","modified_gmt":"2025-05-06T20:01:22","slug":"cabina-activa-de-15-400w-rms-das","status":"publish","type":"product","link":"https:\/\/www.surtistereo.com\/?product=cabina-activa-de-15-400w-rms-das","title":{"rendered":"ALTEA-415A CABINA ACTIVA DE 15&#8243; 400W RMS DAS"},"content":{"rendered":"<div>\n<p>El ALTEA-415A es un sistema portable de P.A. autoamplificado con recinto de polipropileno multi \u00e1ngulo que permite su utilizaci\u00f3n como monitor de escenario.<span style=\"font-size: 16px;\">Su amplificador Clase D de doble canal, proporciona un total de 800 Wpico y prestaciones de calidad que hacen dif\u00edcil encontrar otros sistemas en este segmento, con tan amplio rango din\u00e1mico y extremada baja distorsi\u00f3n. Los controles de voz, EQ, modos, retardo y control de ganancia son configurables por el usuario mediante un mando giratorio y una pantalla LCD situados en la parte trasera.<\/span><\/p>\n<p><span style=\"font-size: 16px;\">El altavoz 15MI4 proporciona unos graves profundos y potentes. Las altas frecuencias se generan por el motor de compresi\u00f3n M-32, con salida de 1\u2033 y optimizaci\u00f3n mediante FEM. La versi\u00f3n pasiva ALTEA-415 est\u00e1 dise\u00f1ada para su uso con amplificaci\u00f3n externa.<\/span><\/p>\n<\/div>\n<div>\n<table class=\"table tabla_datos_tecnicos\">\n<tbody>\n<tr>\n<td class=\"tabla_datos_tecnicos_cabecera\" colspan=\"2\">Actuaci\u00f3n<\/td>\n<\/tr>\n<tr>\n<td class=\"tabla_datos_tecnicos_td_campo\" valign=\"center\"><strong>Rango de frecuencia (-10 dB)<\/strong><\/td>\n<td class=\"tabla_datos_tecnicos_td_valor\" valign=\"center\">50 Hz \u2013 20 kHz<\/td>\n<\/tr>\n<tr>\n<td class=\"tabla_datos_tecnicos_td_campo\" valign=\"center\"><strong>Cobertura horizontal (-6 dB)<\/strong><\/td>\n<td class=\"tabla_datos_tecnicos_td_valor\" valign=\"center\">90\u00ba<\/td>\n<\/tr>\n<tr>\n<td class=\"tabla_datos_tecnicos_td_campo\" valign=\"center\"><strong>Cobertura vertical<\/strong><\/td>\n<td class=\"tabla_datos_tecnicos_td_valor\" valign=\"center\">60\u00ba<\/td>\n<\/tr>\n<tr>\n<td class=\"tabla_datos_tecnicos_td_campo\" valign=\"center\"><strong>SPL m\u00e1ximo m\u00e1ximo a 1 m<\/strong><\/td>\n<td class=\"tabla_datos_tecnicos_td_valor\" valign=\"center\">128dB<\/td>\n<\/tr>\n<tr>\n<td colspan=\"2\"><\/td>\n<\/tr>\n<tr>\n<td class=\"tabla_datos_tecnicos_cabecera\" colspan=\"2\">Electr\u00f3nica y Conectores<\/td>\n<\/tr>\n<tr>\n<td class=\"tabla_datos_tecnicos_td_campo\" valign=\"center\"><strong>Potencia nominal del amplificador (continua)<\/strong><\/td>\n<td class=\"tabla_datos_tecnicos_td_valor\" valign=\"center\">400W<\/td>\n<\/tr>\n<tr>\n<td class=\"tabla_datos_tecnicos_td_campo\" valign=\"center\"><strong>Potencia nominal del amplificador (pico)<\/strong><\/td>\n<td class=\"tabla_datos_tecnicos_td_valor\" valign=\"center\">800 vatios<\/td>\n<\/tr>\n<tr>\n<td class=\"tabla_datos_tecnicos_td_campo\" valign=\"center\"><strong>Tipo de entrada<\/strong><\/td>\n<td class=\"tabla_datos_tecnicos_td_valor\" valign=\"center\">Equilibrado<\/td>\n<\/tr>\n<tr>\n<td class=\"tabla_datos_tecnicos_td_campo\" valign=\"center\"><strong>Impedancia de entrada<\/strong><\/td>\n<td class=\"tabla_datos_tecnicos_td_valor\" valign=\"center\">20 kiloohmios<\/td>\n<\/tr>\n<tr>\n<td class=\"tabla_datos_tecnicos_td_campo\" valign=\"center\"><strong>Sensibilidad de entrada<\/strong><\/td>\n<td class=\"tabla_datos_tecnicos_td_valor\" valign=\"center\">1,95 V (+8 dBu)<\/td>\n<\/tr>\n<tr>\n<td class=\"tabla_datos_tecnicos_td_campo\" valign=\"center\"><strong>Conector de entrada de se\u00f1al de audio<\/strong><\/td>\n<td class=\"tabla_datos_tecnicos_td_valor\" valign=\"center\">2 x XLR hembra<\/td>\n<\/tr>\n<tr>\n<td class=\"tabla_datos_tecnicos_td_campo\" valign=\"center\"><strong>Entrada auxiliar<\/strong><\/td>\n<td class=\"tabla_datos_tecnicos_td_valor\" valign=\"center\">1 miniconector de 3,5 mm.<\/td>\n<\/tr>\n<tr>\n<td class=\"tabla_datos_tecnicos_td_campo\" valign=\"center\"><strong>Bucle de se\u00f1al de audio a trav\u00e9s del conector<\/strong><\/td>\n<td class=\"tabla_datos_tecnicos_td_valor\" valign=\"center\">1 XLR macho<\/td>\n<\/tr>\n<tr>\n<td class=\"tabla_datos_tecnicos_td_campo\" valign=\"center\"><strong>Control<\/strong><\/td>\n<td class=\"tabla_datos_tecnicos_td_valor\" valign=\"center\">DAScontrol\u2122<\/td>\n<\/tr>\n<tr>\n<td class=\"tabla_datos_tecnicos_td_campo\" valign=\"center\"><strong>Consumo de corriente 230 V \/ 115 V<\/strong><\/td>\n<td class=\"tabla_datos_tecnicos_td_valor\" valign=\"center\">1,0 A\/2,0 A<\/td>\n<\/tr>\n<tr>\n<td class=\"tabla_datos_tecnicos_cabecera\" colspan=\"2\">Recinto<\/td>\n<\/tr>\n<tr>\n<td class=\"tabla_datos_tecnicos_td_campo\" valign=\"center\"><strong>Construcci\u00f3n de recintos<\/strong><\/td>\n<td class=\"tabla_datos_tecnicos_td_valor\" valign=\"center\">polipropileno<\/td>\n<\/tr>\n<tr>\n<td class=\"tabla_datos_tecnicos_td_campo\" valign=\"center\"><strong>Geometr\u00eda del recinto<\/strong><\/td>\n<td class=\"tabla_datos_tecnicos_td_valor\" valign=\"center\">trapezoidal<\/td>\n<\/tr>\n<tr>\n<td class=\"tabla_datos_tecnicos_td_campo\" valign=\"center\"><strong>Aparejo<\/strong><\/td>\n<td class=\"tabla_datos_tecnicos_td_valor\" valign=\"center\">Puntos de montaje M8<\/td>\n<\/tr>\n<tr>\n<td class=\"tabla_datos_tecnicos_td_campo\" valign=\"center\"><strong>Color<\/strong><\/td>\n<td class=\"tabla_datos_tecnicos_td_valor\" valign=\"center\">Negro<\/td>\n<\/tr>\n<tr>\n<td class=\"tabla_datos_tecnicos_td_campo\" valign=\"center\"><strong>Dimensiones (Alto x Ancho x Fondo)<\/strong><\/td>\n<td class=\"tabla_datos_tecnicos_td_valor\" valign=\"center\">710 x 440 x 380 mm<br \/>\n28,0 x 17,3 x 15,0 pulgadas<\/td>\n<\/tr>\n<tr>\n<td class=\"tabla_datos_tecnicos_td_campo\" valign=\"center\"><strong>Peso neto<\/strong><\/td>\n<td class=\"tabla_datos_tecnicos_td_valor\" valign=\"center\">17,5 kg (38,6 libras)<\/td>\n<\/tr>\n<tr>\n<td class=\"tabla_datos_tecnicos_cabecera\" colspan=\"2\">Componentes<\/td>\n<\/tr>\n<tr>\n<td class=\"tabla_datos_tecnicos_td_campo\" valign=\"center\"><strong>Controlador LF<\/strong><\/td>\n<td class=\"tabla_datos_tecnicos_td_valor\" valign=\"center\">15MI4<\/td>\n<\/tr>\n<tr>\n<td class=\"tabla_datos_tecnicos_td_campo\" valign=\"center\"><strong>Controlador de alta frecuencia<\/strong><\/td>\n<td class=\"tabla_datos_tecnicos_td_valor\" valign=\"center\">M-32<\/td>\n<\/tr>\n<tr>\n<td class=\"tabla_datos_tecnicos_cabecera\" colspan=\"2\">Env\u00edo<\/td>\n<\/tr>\n<tr>\n<td class=\"tabla_datos_tecnicos_td_campo\" valign=\"center\"><strong>Dimensiones de la caja (alto x ancho x profundidad)<\/strong><\/td>\n<td class=\"tabla_datos_tecnicos_td_valor\" valign=\"center\">805 x 530 x 445 mm<br \/>\n31,7 x 20,9 x 17,5 pulgadas<\/td>\n<\/tr>\n<tr>\n<td class=\"tabla_datos_tecnicos_td_campo\" valign=\"center\"><strong>Peso de env\u00edo<\/strong><\/td>\n<td class=\"tabla_datos_tecnicos_td_valor\" valign=\"center\">21,0 kg (46,3 libras)<\/td>\n<\/tr>\n<\/tbody>\n<\/table>\n<\/div>\n","protected":false},"excerpt":{"rendered":"<p>El ALTEA-415A es un sistema portable de P.A. autoamplificado con recinto de polipropileno multi \u00e1ngulo que permite su utilizaci\u00f3n como monitor de escenario.Su amplificador Clase D de doble canal, proporciona un total de 800 Wpico y prestaciones de calidad que hacen dif\u00edcil encontrar otros sistemas en este segmento, con tan amplio rango din\u00e1mico y extremada [&hellip;]<\/p>\n","protected":false},"featured_media":3789,"comment_status":"open","ping_status":"closed","template":"","meta":{"site-sidebar-layout":"default","site-content-layout":"","ast-site-content-layout":"default","site-content-style":"default","site-sidebar-style":"default","ast-global-header-display":"","ast-banner-title-visibility":"","ast-main-header-display":"","ast-hfb-above-header-display":"","ast-hfb-below-header-display":"","ast-hfb-mobile-header-display":"","site-post-title":"","ast-breadcrumbs-content":"","ast-featured-img":"","footer-sml-layout":"","ast-disable-related-posts":"","theme-transparent-header-meta":"default","adv-header-id-meta":"","stick-header-meta":"","header-above-stick-meta":"","header-main-stick-meta":"","header-below-stick-meta":"","astra-migrate-meta-layouts":"set","ast-page-background-enabled":"default","ast-page-background-meta":{"desktop":{"background-color":"","background-image":"","background-repeat":"repeat","background-position":"center center","background-size":"auto","background-attachment":"scroll","background-type":"","background-media":"","overlay-type":"","overlay-color":"","overlay-opacity":"","overlay-gradient":""},"tablet":{"background-color":"","background-image":"","background-repeat":"repeat","background-position":"center center","background-size":"auto","background-attachment":"scroll","background-type":"","background-media":"","overlay-type":"","overlay-color":"","overlay-opacity":"","overlay-gradient":""},"mobile":{"background-color":"","background-image":"","background-repeat":"repeat","background-position":"center center","background-size":"auto","background-attachment":"scroll","background-type":"","background-media":"","overlay-type":"","overlay-color":"","overlay-opacity":"","overlay-gradient":""}},"ast-content-background-meta":{"desktop":{"background-color":"var(--ast-global-color-5)","background-image":"","background-repeat":"repeat","background-position":"center center","background-size":"auto","background-attachment":"scroll","background-type":"","background-media":"","overlay-type":"","overlay-color":"","overlay-opacity":"","overlay-gradient":""},"tablet":{"background-color":"var(--ast-global-color-5)","background-image":"","background-repeat":"repeat","background-position":"center center","background-size":"auto","background-attachment":"scroll","background-type":"","background-media":"","overlay-type":"","overlay-color":"","overlay-opacity":"","overlay-gradient":""},"mobile":{"background-color":"var(--ast-global-color-5)","background-image":"","background-repeat":"repeat","background-position":"center center","background-size":"auto","background-attachment":"scroll","background-type":"","background-media":"","overlay-type":"","overlay-color":"","overlay-opacity":"","overlay-gradient":""}},"jetpack_publicize_message":"","jetpack_publicize_feature_enabled":true,"jetpack_social_post_already_shared":false,"jetpack_social_options":{"image_generator_settings":{"template":"highway","default_image_id":0,"font":"","enabled":false},"version":2}},"pwb-brand":[],"product_brand":[],"product_cat":[107],"product_tag":[],"class_list":{"0":"post-2404","1":"product","2":"type-product","3":"status-publish","4":"has-post-thumbnail","6":"product_cat-cabinas-activas","7":"desktop-align-center","8":"tablet-align-left","9":"mobile-align-left","11":"first","12":"instock","13":"sold-individually","14":"taxable","15":"shipping-taxable","16":"purchasable","17":"product-type-simple"},"supplier_id":null,"supplier_sku":"","barcode":null,"atum_controlled":true,"out_stock_date":null,"out_stock_threshold":null,"inheritable":false,"inbound_stock":null,"stock_on_hold":0,"sold_today":0,"sales_last_days":0,"reserved_stock":null,"customer_returns":null,"warehouse_damage":null,"lost_in_post":null,"other_logs":null,"out_stock_days":0,"lost_sales":0,"has_location":null,"update_date":"2026-05-01T00:40:14","atum_locations":[],"atum_stock_status":"instock","restock_status":false,"low_stock_amount":"","sales_update_date":"2026-05-01T00:40:14","calc_backorders":null,"jetpack_publicize_connections":[],"jetpack_sharing_enabled":true,"brands":[],"_links":{"self":[{"href":"https:\/\/www.surtistereo.com\/index.php?rest_route=\/wp\/v2\/product\/2404","targetHints":{"allow":["GET"]}}],"collection":[{"href":"https:\/\/www.surtistereo.com\/index.php?rest_route=\/wp\/v2\/product"}],"about":[{"href":"https:\/\/www.surtistereo.com\/index.php?rest_route=\/wp\/v2\/types\/product"}],"replies":[{"embeddable":true,"href":"https:\/\/www.surtistereo.com\/index.php?rest_route=%2Fwp%2Fv2%2Fcomments&post=2404"}],"version-history":[{"count":0,"href":"https:\/\/www.surtistereo.com\/index.php?rest_route=\/wp\/v2\/product\/2404\/revisions"}],"wp:featuredmedia":[{"embeddable":true,"href":"https:\/\/www.surtistereo.com\/index.php?rest_route=\/wp\/v2\/media\/3789"}],"wp:attachment":[{"href":"https:\/\/www.surtistereo.com\/index.php?rest_route=%2Fwp%2Fv2%2Fmedia&parent=2404"}],"wp:term":[{"taxonomy":"pwb-brand","embeddable":true,"href":"https:\/\/www.surtistereo.com\/index.php?rest_route=%2Fwp%2Fv2%2Fpwb-brand&post=2404"},{"taxonomy":"product_brand","embeddable":true,"href":"https:\/\/www.surtistereo.com\/index.php?rest_route=%2Fwp%2Fv2%2Fproduct_brand&post=2404"},{"taxonomy":"product_cat","embeddable":true,"href":"https:\/\/www.surtistereo.com\/index.php?rest_route=%2Fwp%2Fv2%2Fproduct_cat&post=2404"},{"taxonomy":"product_tag","embeddable":true,"href":"https:\/\/www.surtistereo.com\/index.php?rest_route=%2Fwp%2Fv2%2Fproduct_tag&post=2404"}],"curies":[{"name":"wp","href":"https:\/\/api.w.org\/{rel}","templated":true}]}}