{"id":2359,"date":"2023-12-20T21:35:48","date_gmt":"2023-12-20T21:35:48","guid":{"rendered":"https:\/\/surtistereo.store\/?post_type=product&#038;p=2359"},"modified":"2025-10-16T12:02:51","modified_gmt":"2025-10-16T17:02:51","slug":"subwoofer-jbl-activo-18-1000w-pantalla-lcd-dsp-2ch","status":"publish","type":"product","link":"https:\/\/www.surtistereo.com\/?product=subwoofer-jbl-activo-18-1000w-pantalla-lcd-dsp-2ch","title":{"rendered":"SRX-818SP SUBWOOFER JBL ACTIVO 18&#8243; 1000W &#8211; PANTALLA LCD &#8211; DSP &#8211; 2CH"},"content":{"rendered":"<div id=\"product-features\" class=\"row product-subheader\">\n<div class=\"small-10 columns\">\n<h3 class=\"content-nav\" data-magellan-destination=\"features\">SRX-818SP<\/h3>\n<h3 class=\"content-nav\" data-magellan-destination=\"features\">Caracter\u00edsticas<\/h3>\n<\/div>\n<div class=\"small-2 columns text-right\"><\/div>\n<\/div>\n<div id=\"panel_features\" class=\"product_main_tab_content content \">\n<div class=\"features text-content\">\n<div class=\"FeaturedBulletList\">\n<ul>\n<li>Dise\u00f1o \u00fatil: robusto, de uso intuitivo, f\u00e1cil de transportar<\/li>\n<li>Transductores JBL Premium<\/li>\n<li>Amplificaci\u00f3n Drivecore de Crown<\/li>\n<li>DSP totalmente configurable por el usuario<\/li>\n<li>Altavoz de subgraves de 18&#8243;<\/li>\n<li>Control de red<\/li>\n<li>Ajustes preestablecidos de aplicaciones dise\u00f1ados por JBL<\/li>\n<li>Pantalla LCD y tinta que brilla en la oscuridad en el panel posterior<\/li>\n<li>Acepta el kit de ruedas JBL WK-4S<\/li>\n<li>Montaje en poste roscado M20<\/li>\n<\/ul>\n<h3>Control sin precedentes<\/h3>\n<p>Un conjunto completo de DSP controlables por el usuario impulsado por el potente DSP Sharc integrado de 400 MHz de la serie SRX800 incluye 20 PEQ, 2 segundos de retardo, generadores de se\u00f1al, mezcla de entrada, monitoreo de amplificador y 50 ajustes preestablecidos de usuario.\u00a0Adem\u00e1s, el sistema puede incorporar V5 JBL Tunings, lo que proporciona compatibilidad con nuestros emblem\u00e1ticos sistemas de gira Vertec y VTX.\u00a0Una pantalla LCD integrada admite una instalaci\u00f3n y configuraci\u00f3n r\u00e1pidas.<\/p>\n<\/div>\n<\/div>\n<\/div>\n","protected":false},"excerpt":{"rendered":"<p>SRX-818SP Caracter\u00edsticas Dise\u00f1o \u00fatil: robusto, de uso intuitivo, f\u00e1cil de transportar Transductores JBL Premium Amplificaci\u00f3n Drivecore de Crown DSP totalmente configurable por el usuario Altavoz de subgraves de 18&#8243; Control de red Ajustes preestablecidos de aplicaciones dise\u00f1ados por JBL Pantalla LCD y tinta que brilla en la oscuridad en el panel posterior Acepta el kit [&hellip;]<\/p>\n","protected":false},"featured_media":4063,"comment_status":"open","ping_status":"closed","template":"","meta":{"site-sidebar-layout":"default","site-content-layout":"","ast-site-content-layout":"default","site-content-style":"default","site-sidebar-style":"default","ast-global-header-display":"","ast-banner-title-visibility":"","ast-main-header-display":"","ast-hfb-above-header-display":"","ast-hfb-below-header-display":"","ast-hfb-mobile-header-display":"","site-post-title":"","ast-breadcrumbs-content":"","ast-featured-img":"","footer-sml-layout":"","ast-disable-related-posts":"","theme-transparent-header-meta":"default","adv-header-id-meta":"","stick-header-meta":"","header-above-stick-meta":"","header-main-stick-meta":"","header-below-stick-meta":"","astra-migrate-meta-layouts":"set","ast-page-background-enabled":"default","ast-page-background-meta":{"desktop":{"background-color":"","background-image":"","background-repeat":"repeat","background-position":"center center","background-size":"auto","background-attachment":"scroll","background-type":"","background-media":"","overlay-type":"","overlay-color":"","overlay-opacity":"","overlay-gradient":""},"tablet":{"background-color":"","background-image":"","background-repeat":"repeat","background-position":"center center","background-size":"auto","background-attachment":"scroll","background-type":"","background-media":"","overlay-type":"","overlay-color":"","overlay-opacity":"","overlay-gradient":""},"mobile":{"background-color":"","background-image":"","background-repeat":"repeat","background-position":"center center","background-size":"auto","background-attachment":"scroll","background-type":"","background-media":"","overlay-type":"","overlay-color":"","overlay-opacity":"","overlay-gradient":""}},"ast-content-background-meta":{"desktop":{"background-color":"var(--ast-global-color-5)","background-image":"","background-repeat":"repeat","background-position":"center center","background-size":"auto","background-attachment":"scroll","background-type":"","background-media":"","overlay-type":"","overlay-color":"","overlay-opacity":"","overlay-gradient":""},"tablet":{"background-color":"var(--ast-global-color-5)","background-image":"","background-repeat":"repeat","background-position":"center center","background-size":"auto","background-attachment":"scroll","background-type":"","background-media":"","overlay-type":"","overlay-color":"","overlay-opacity":"","overlay-gradient":""},"mobile":{"background-color":"var(--ast-global-color-5)","background-image":"","background-repeat":"repeat","background-position":"center center","background-size":"auto","background-attachment":"scroll","background-type":"","background-media":"","overlay-type":"","overlay-color":"","overlay-opacity":"","overlay-gradient":""}},"jetpack_publicize_message":"","jetpack_publicize_feature_enabled":true,"jetpack_social_post_already_shared":false,"jetpack_social_options":{"image_generator_settings":{"template":"highway","default_image_id":0,"font":"","enabled":false},"version":2}},"pwb-brand":[175],"product_brand":[],"product_cat":[68],"product_tag":[],"class_list":{"0":"post-2359","1":"product","2":"type-product","3":"status-publish","4":"has-post-thumbnail","6":"pwb-brand-jbl","7":"product_cat-subwoofer","8":"desktop-align-center","9":"tablet-align-left","10":"mobile-align-left","12":"first","13":"instock","14":"sold-individually","15":"taxable","16":"shipping-taxable","17":"purchasable","18":"product-type-simple"},"supplier_id":null,"supplier_sku":"","barcode":null,"atum_controlled":true,"out_stock_date":null,"out_stock_threshold":null,"inheritable":false,"inbound_stock":null,"stock_on_hold":0,"sold_today":0,"sales_last_days":0,"reserved_stock":null,"customer_returns":null,"warehouse_damage":null,"lost_in_post":null,"other_logs":null,"out_stock_days":0,"lost_sales":0,"has_location":null,"update_date":"2026-05-05T00:45:58","atum_locations":[],"atum_stock_status":"instock","restock_status":false,"low_stock_amount":"","sales_update_date":"2026-05-05T00:45:58","calc_backorders":null,"jetpack_publicize_connections":[],"jetpack_sharing_enabled":true,"brands":[{"id":175,"name":"JBL","slug":"jbl"}],"_links":{"self":[{"href":"https:\/\/www.surtistereo.com\/index.php?rest_route=\/wp\/v2\/product\/2359","targetHints":{"allow":["GET"]}}],"collection":[{"href":"https:\/\/www.surtistereo.com\/index.php?rest_route=\/wp\/v2\/product"}],"about":[{"href":"https:\/\/www.surtistereo.com\/index.php?rest_route=\/wp\/v2\/types\/product"}],"replies":[{"embeddable":true,"href":"https:\/\/www.surtistereo.com\/index.php?rest_route=%2Fwp%2Fv2%2Fcomments&post=2359"}],"version-history":[{"count":1,"href":"https:\/\/www.surtistereo.com\/index.php?rest_route=\/wp\/v2\/product\/2359\/revisions"}],"predecessor-version":[{"id":6576,"href":"https:\/\/www.surtistereo.com\/index.php?rest_route=\/wp\/v2\/product\/2359\/revisions\/6576"}],"wp:featuredmedia":[{"embeddable":true,"href":"https:\/\/www.surtistereo.com\/index.php?rest_route=\/wp\/v2\/media\/4063"}],"wp:attachment":[{"href":"https:\/\/www.surtistereo.com\/index.php?rest_route=%2Fwp%2Fv2%2Fmedia&parent=2359"}],"wp:term":[{"taxonomy":"pwb-brand","embeddable":true,"href":"https:\/\/www.surtistereo.com\/index.php?rest_route=%2Fwp%2Fv2%2Fpwb-brand&post=2359"},{"taxonomy":"product_brand","embeddable":true,"href":"https:\/\/www.surtistereo.com\/index.php?rest_route=%2Fwp%2Fv2%2Fproduct_brand&post=2359"},{"taxonomy":"product_cat","embeddable":true,"href":"https:\/\/www.surtistereo.com\/index.php?rest_route=%2Fwp%2Fv2%2Fproduct_cat&post=2359"},{"taxonomy":"product_tag","embeddable":true,"href":"https:\/\/www.surtistereo.com\/index.php?rest_route=%2Fwp%2Fv2%2Fproduct_tag&post=2359"}],"curies":[{"name":"wp","href":"https:\/\/api.w.org\/{rel}","templated":true}]}}