{"id":2332,"date":"2023-12-20T21:12:51","date_gmt":"2023-12-20T21:12:51","guid":{"rendered":"https:\/\/surtistereo.store\/?post_type=product&#038;p=2332"},"modified":"2026-02-24T10:04:07","modified_gmt":"2026-02-24T15:04:07","slug":"subwoofer-activo-parlante-18-500w-clase-h-beta-three","status":"publish","type":"product","link":"https:\/\/www.surtistereo.com\/?product=subwoofer-activo-parlante-18-500w-clase-h-beta-three","title":{"rendered":"MU-18BA SUBWOOFER ACTIVO PARLANTE 18&#8243; 500W CLASE H BETA THREE"},"content":{"rendered":"<p style=\"font-weight: 400;\">MU-18BA<\/p>\n<p style=\"font-weight: 400;\">Descripci\u00f3n:<\/p>\n<p style=\"font-weight: 400;\">Bajo activo<\/p>\n<p style=\"font-weight: 400;\">Parlante de 18&#8243;<\/p>\n<p style=\"font-weight: 400;\">Potencia 500W RMS\/2000 pico<\/p>\n<p style=\"font-weight: 400;\">Respuesta en frecuencia 40 a 250 Hz<\/p>\n<p style=\"font-weight: 400;\">1 entrada XLR, 1 salida XLR<\/p>\n<p style=\"font-weight: 400;\">Caja en abedul de 18 mm<\/p>\n<p style=\"font-weight: 400;\">Amplificador clase H<\/p>\n<p style=\"font-weight: 400;\">SPL m\u00e1ximo 124 dB\/130dB pico<\/p>\n<p style=\"font-weight: 400;\">Dimensions (W\u00d7H\u00d7D) 75 x 71 x 67 cm<\/p>\n<p style=\"font-weight: 400;\">Peso bruto: 51kg<\/p>\n<p style=\"font-weight: 400;\">Garant\u00eda por desperfecto de fabricaci\u00f3n.<\/p>\n","protected":false},"excerpt":{"rendered":"<p>MU-18BA Descripci\u00f3n: Bajo activo Parlante de 18&#8243; Potencia 500W RMS\/2000 pico Respuesta en frecuencia 40 a 250 Hz 1 entrada XLR, 1 salida XLR Caja en abedul de 18 mm Amplificador clase H SPL m\u00e1ximo 124 dB\/130dB pico Dimensions (W\u00d7H\u00d7D) 75 x 71 x 67 cm Peso bruto: 51kg Garant\u00eda por desperfecto de fabricaci\u00f3n.<\/p>\n","protected":false},"featured_media":4059,"comment_status":"open","ping_status":"closed","template":"","meta":{"site-sidebar-layout":"default","site-content-layout":"","ast-site-content-layout":"default","site-content-style":"default","site-sidebar-style":"default","ast-global-header-display":"","ast-banner-title-visibility":"","ast-main-header-display":"","ast-hfb-above-header-display":"","ast-hfb-below-header-display":"","ast-hfb-mobile-header-display":"","site-post-title":"","ast-breadcrumbs-content":"","ast-featured-img":"","footer-sml-layout":"","ast-disable-related-posts":"","theme-transparent-header-meta":"default","adv-header-id-meta":"","stick-header-meta":"","header-above-stick-meta":"","header-main-stick-meta":"","header-below-stick-meta":"","astra-migrate-meta-layouts":"set","ast-page-background-enabled":"default","ast-page-background-meta":{"desktop":{"background-color":"","background-image":"","background-repeat":"repeat","background-position":"center center","background-size":"auto","background-attachment":"scroll","background-type":"","background-media":"","overlay-type":"","overlay-color":"","overlay-opacity":"","overlay-gradient":""},"tablet":{"background-color":"","background-image":"","background-repeat":"repeat","background-position":"center center","background-size":"auto","background-attachment":"scroll","background-type":"","background-media":"","overlay-type":"","overlay-color":"","overlay-opacity":"","overlay-gradient":""},"mobile":{"background-color":"","background-image":"","background-repeat":"repeat","background-position":"center center","background-size":"auto","background-attachment":"scroll","background-type":"","background-media":"","overlay-type":"","overlay-color":"","overlay-opacity":"","overlay-gradient":""}},"ast-content-background-meta":{"desktop":{"background-color":"var(--ast-global-color-5)","background-image":"","background-repeat":"repeat","background-position":"center center","background-size":"auto","background-attachment":"scroll","background-type":"","background-media":"","overlay-type":"","overlay-color":"","overlay-opacity":"","overlay-gradient":""},"tablet":{"background-color":"var(--ast-global-color-5)","background-image":"","background-repeat":"repeat","background-position":"center center","background-size":"auto","background-attachment":"scroll","background-type":"","background-media":"","overlay-type":"","overlay-color":"","overlay-opacity":"","overlay-gradient":""},"mobile":{"background-color":"var(--ast-global-color-5)","background-image":"","background-repeat":"repeat","background-position":"center center","background-size":"auto","background-attachment":"scroll","background-type":"","background-media":"","overlay-type":"","overlay-color":"","overlay-opacity":"","overlay-gradient":""}},"jetpack_publicize_message":"","jetpack_publicize_feature_enabled":true,"jetpack_social_post_already_shared":false,"jetpack_social_options":{"image_generator_settings":{"template":"highway","default_image_id":0,"font":"","enabled":false},"version":2}},"pwb-brand":[182],"product_brand":[],"product_cat":[68],"product_tag":[],"class_list":{"0":"post-2332","1":"product","2":"type-product","3":"status-publish","4":"has-post-thumbnail","6":"pwb-brand-beta-three","7":"product_cat-subwoofer","8":"desktop-align-center","9":"tablet-align-left","10":"mobile-align-left","12":"first","13":"instock","14":"sold-individually","15":"taxable","16":"shipping-taxable","17":"purchasable","18":"product-type-simple"},"supplier_id":null,"supplier_sku":"","barcode":null,"atum_controlled":true,"out_stock_date":null,"out_stock_threshold":null,"inheritable":false,"inbound_stock":null,"stock_on_hold":0,"sold_today":0,"sales_last_days":0,"reserved_stock":null,"customer_returns":null,"warehouse_damage":null,"lost_in_post":null,"other_logs":null,"out_stock_days":0,"lost_sales":0,"has_location":false,"update_date":"2026-05-01T00:40:14","atum_locations":[],"atum_stock_status":"instock","restock_status":false,"low_stock_amount":"","sales_update_date":"2026-05-01T00:40:14","calc_backorders":null,"jetpack_publicize_connections":[],"jetpack_sharing_enabled":true,"brands":[{"id":182,"name":"BETA THREE","slug":"beta-three"}],"_links":{"self":[{"href":"https:\/\/www.surtistereo.com\/index.php?rest_route=\/wp\/v2\/product\/2332","targetHints":{"allow":["GET"]}}],"collection":[{"href":"https:\/\/www.surtistereo.com\/index.php?rest_route=\/wp\/v2\/product"}],"about":[{"href":"https:\/\/www.surtistereo.com\/index.php?rest_route=\/wp\/v2\/types\/product"}],"replies":[{"embeddable":true,"href":"https:\/\/www.surtistereo.com\/index.php?rest_route=%2Fwp%2Fv2%2Fcomments&post=2332"}],"version-history":[{"count":2,"href":"https:\/\/www.surtistereo.com\/index.php?rest_route=\/wp\/v2\/product\/2332\/revisions"}],"predecessor-version":[{"id":4062,"href":"https:\/\/www.surtistereo.com\/index.php?rest_route=\/wp\/v2\/product\/2332\/revisions\/4062"}],"wp:featuredmedia":[{"embeddable":true,"href":"https:\/\/www.surtistereo.com\/index.php?rest_route=\/wp\/v2\/media\/4059"}],"wp:attachment":[{"href":"https:\/\/www.surtistereo.com\/index.php?rest_route=%2Fwp%2Fv2%2Fmedia&parent=2332"}],"wp:term":[{"taxonomy":"pwb-brand","embeddable":true,"href":"https:\/\/www.surtistereo.com\/index.php?rest_route=%2Fwp%2Fv2%2Fpwb-brand&post=2332"},{"taxonomy":"product_brand","embeddable":true,"href":"https:\/\/www.surtistereo.com\/index.php?rest_route=%2Fwp%2Fv2%2Fproduct_brand&post=2332"},{"taxonomy":"product_cat","embeddable":true,"href":"https:\/\/www.surtistereo.com\/index.php?rest_route=%2Fwp%2Fv2%2Fproduct_cat&post=2332"},{"taxonomy":"product_tag","embeddable":true,"href":"https:\/\/www.surtistereo.com\/index.php?rest_route=%2Fwp%2Fv2%2Fproduct_tag&post=2332"}],"curies":[{"name":"wp","href":"https:\/\/api.w.org\/{rel}","templated":true}]}}