{"id":2227,"date":"2023-12-20T16:17:52","date_gmt":"2023-12-20T16:17:52","guid":{"rendered":"https:\/\/surtistereo.store\/?post_type=product&#038;p=2227"},"modified":"2025-08-01T11:07:33","modified_gmt":"2025-08-01T16:07:33","slug":"teclado-rollins-61-teclas-con-pantalla-lcd","status":"publish","type":"product","link":"https:\/\/www.surtistereo.com\/?product=teclado-rollins-61-teclas-con-pantalla-lcd","title":{"rendered":"ROL-266 TECLADO ROLLINS 61 TECLAS CON PANTALLA LCD"},"content":{"rendered":"<p>ROL-266<\/p>\n<ul>\n<li>Teclado de piano est\u00e1ndar de 61 teclas<\/li>\n<li>Pantalla LCD<\/li>\n<li>Funci\u00f3n de reproductor de m\u00fasica<\/li>\n<li>255 ritmos<\/li>\n<li>50 canciones de demostraci\u00f3n\/percusi\u00f3n de teclado<\/li>\n<li>Control de tempo y volumen<\/li>\n<li>Acorde de un solo dedo<\/li>\n<li>Sincronizaci\u00f3n\/Relleno\/Metr\u00f3nomo<\/li>\n<li>Funci\u00f3n de programaci\u00f3n de ritmo\/grabaci\u00f3n\/reproducci\u00f3n<\/li>\n<li>Funci\u00f3n de sostenido\/vibrato\/divisi\u00f3n de teclado<\/li>\n<li>Una tecla\/Seguir\/Conjunto<\/li>\n<li>Conector de micr\u00f3fono<\/li>\n<li>Conector de entrada de audio\/tel\u00e9fono\/conector de salida<\/li>\n<li>Fuente de Alimentaci\u00f3n: Adaptador 9V 500mA incluido.<\/li>\n<\/ul>\n","protected":false},"excerpt":{"rendered":"<p>ROL-266 Teclado de piano est\u00e1ndar de 61 teclas Pantalla LCD Funci\u00f3n de reproductor de m\u00fasica 255 ritmos 50 canciones de demostraci\u00f3n\/percusi\u00f3n de teclado Control de tempo y volumen Acorde de un solo dedo Sincronizaci\u00f3n\/Relleno\/Metr\u00f3nomo Funci\u00f3n de programaci\u00f3n de ritmo\/grabaci\u00f3n\/reproducci\u00f3n Funci\u00f3n de sostenido\/vibrato\/divisi\u00f3n de teclado Una tecla\/Seguir\/Conjunto Conector de micr\u00f3fono Conector de entrada de audio\/tel\u00e9fono\/conector de [&hellip;]<\/p>\n","protected":false},"featured_media":5529,"comment_status":"open","ping_status":"closed","template":"","meta":{"site-sidebar-layout":"default","site-content-layout":"","ast-site-content-layout":"default","site-content-style":"default","site-sidebar-style":"default","ast-global-header-display":"","ast-banner-title-visibility":"","ast-main-header-display":"","ast-hfb-above-header-display":"","ast-hfb-below-header-display":"","ast-hfb-mobile-header-display":"","site-post-title":"","ast-breadcrumbs-content":"","ast-featured-img":"","footer-sml-layout":"","ast-disable-related-posts":"","theme-transparent-header-meta":"default","adv-header-id-meta":"","stick-header-meta":"","header-above-stick-meta":"","header-main-stick-meta":"","header-below-stick-meta":"","astra-migrate-meta-layouts":"set","ast-page-background-enabled":"default","ast-page-background-meta":{"desktop":{"background-color":"","background-image":"","background-repeat":"repeat","background-position":"center center","background-size":"auto","background-attachment":"scroll","background-type":"","background-media":"","overlay-type":"","overlay-color":"","overlay-opacity":"","overlay-gradient":""},"tablet":{"background-color":"","background-image":"","background-repeat":"repeat","background-position":"center center","background-size":"auto","background-attachment":"scroll","background-type":"","background-media":"","overlay-type":"","overlay-color":"","overlay-opacity":"","overlay-gradient":""},"mobile":{"background-color":"","background-image":"","background-repeat":"repeat","background-position":"center center","background-size":"auto","background-attachment":"scroll","background-type":"","background-media":"","overlay-type":"","overlay-color":"","overlay-opacity":"","overlay-gradient":""}},"ast-content-background-meta":{"desktop":{"background-color":"var(--ast-global-color-5)","background-image":"","background-repeat":"repeat","background-position":"center center","background-size":"auto","background-attachment":"scroll","background-type":"","background-media":"","overlay-type":"","overlay-color":"","overlay-opacity":"","overlay-gradient":""},"tablet":{"background-color":"var(--ast-global-color-5)","background-image":"","background-repeat":"repeat","background-position":"center center","background-size":"auto","background-attachment":"scroll","background-type":"","background-media":"","overlay-type":"","overlay-color":"","overlay-opacity":"","overlay-gradient":""},"mobile":{"background-color":"var(--ast-global-color-5)","background-image":"","background-repeat":"repeat","background-position":"center center","background-size":"auto","background-attachment":"scroll","background-type":"","background-media":"","overlay-type":"","overlay-color":"","overlay-opacity":"","overlay-gradient":""}},"jetpack_publicize_message":"","jetpack_publicize_feature_enabled":true,"jetpack_social_post_already_shared":false,"jetpack_social_options":{"image_generator_settings":{"template":"highway","default_image_id":0,"font":"","enabled":false},"version":2}},"pwb-brand":[],"product_brand":[],"product_cat":[119,120],"product_tag":[],"class_list":{"0":"post-2227","1":"product","2":"type-product","3":"status-publish","4":"has-post-thumbnail","6":"product_cat-instrumentos-musicales","7":"product_cat-teclados","8":"desktop-align-center","9":"tablet-align-left","10":"mobile-align-left","12":"first","13":"instock","14":"sold-individually","15":"taxable","16":"shipping-taxable","17":"purchasable","18":"product-type-simple"},"supplier_id":null,"supplier_sku":"","barcode":null,"atum_controlled":true,"out_stock_date":null,"out_stock_threshold":null,"inheritable":false,"inbound_stock":null,"stock_on_hold":0,"sold_today":0,"sales_last_days":0,"reserved_stock":null,"customer_returns":null,"warehouse_damage":null,"lost_in_post":null,"other_logs":null,"out_stock_days":0,"lost_sales":0,"has_location":false,"update_date":"2026-05-01T00:40:14","atum_locations":[],"atum_stock_status":"instock","restock_status":false,"low_stock_amount":"","sales_update_date":"2026-05-01T00:40:14","calc_backorders":null,"jetpack_publicize_connections":[],"jetpack_sharing_enabled":true,"brands":[],"_links":{"self":[{"href":"https:\/\/www.surtistereo.com\/index.php?rest_route=\/wp\/v2\/product\/2227","targetHints":{"allow":["GET"]}}],"collection":[{"href":"https:\/\/www.surtistereo.com\/index.php?rest_route=\/wp\/v2\/product"}],"about":[{"href":"https:\/\/www.surtistereo.com\/index.php?rest_route=\/wp\/v2\/types\/product"}],"replies":[{"embeddable":true,"href":"https:\/\/www.surtistereo.com\/index.php?rest_route=%2Fwp%2Fv2%2Fcomments&post=2227"}],"version-history":[{"count":0,"href":"https:\/\/www.surtistereo.com\/index.php?rest_route=\/wp\/v2\/product\/2227\/revisions"}],"wp:featuredmedia":[{"embeddable":true,"href":"https:\/\/www.surtistereo.com\/index.php?rest_route=\/wp\/v2\/media\/5529"}],"wp:attachment":[{"href":"https:\/\/www.surtistereo.com\/index.php?rest_route=%2Fwp%2Fv2%2Fmedia&parent=2227"}],"wp:term":[{"taxonomy":"pwb-brand","embeddable":true,"href":"https:\/\/www.surtistereo.com\/index.php?rest_route=%2Fwp%2Fv2%2Fpwb-brand&post=2227"},{"taxonomy":"product_brand","embeddable":true,"href":"https:\/\/www.surtistereo.com\/index.php?rest_route=%2Fwp%2Fv2%2Fproduct_brand&post=2227"},{"taxonomy":"product_cat","embeddable":true,"href":"https:\/\/www.surtistereo.com\/index.php?rest_route=%2Fwp%2Fv2%2Fproduct_cat&post=2227"},{"taxonomy":"product_tag","embeddable":true,"href":"https:\/\/www.surtistereo.com\/index.php?rest_route=%2Fwp%2Fv2%2Fproduct_tag&post=2227"}],"curies":[{"name":"wp","href":"https:\/\/api.w.org\/{rel}","templated":true}]}}